Last updated on 2025-10-03 03:51:01 CEST.
Flavor | Version | Tinstall | Tcheck | Ttotal | Status | Flags |
---|---|---|---|---|---|---|
r-devel-linux-x86_64-debian-clang | 1.2.3 | 362.09 | 89.73 | 451.82 | OK | |
r-devel-linux-x86_64-debian-gcc | 1.2.3 | 226.07 | 64.63 | 290.70 | OK | |
r-devel-linux-x86_64-fedora-clang | 1.2.3 | 623.46 | OK | |||
r-devel-linux-x86_64-fedora-gcc | 1.2.3 | 681.62 | OK | |||
r-devel-windows-x86_64 | 1.2.3 | 303.00 | 147.00 | 450.00 | OK | |
r-patched-linux-x86_64 | 1.2.3 | 304.78 | 84.20 | 388.98 | OK | |
r-release-linux-x86_64 | 1.2.3 | 308.82 | 83.95 | 392.77 | OK | |
r-release-macos-arm64 | 1.2.3 | 204.00 | OK | |||
r-release-macos-x86_64 | 1.2.3 | 219.00 | OK | |||
r-release-windows-x86_64 | 1.2.3 | 299.00 | 143.00 | 442.00 | OK | |
r-oldrel-macos-arm64 | 1.2.3 | 222.00 | NOTE | |||
r-oldrel-macos-x86_64 | 1.2.3 | 242.00 | NOTE | |||
r-oldrel-windows-x86_64 | 1.2.3 | 354.00 | 179.00 | 533.00 | OK |
Version: 1.2.3
Check: installed package size
Result: NOTE
installed size is 46.4Mb
sub-directories of 1Mb or more:
libs 45.5Mb
Flavors: r-oldrel-macos-arm64, r-oldrel-macos-x86_64
These binaries (installable software) and packages are in development.
They may not be fully stable and should be used with caution. We make no claims about them.