Last updated on 2025-05-08 04:52:21 CEST.
Flavor | Version | Tinstall | Tcheck | Ttotal | Status | Flags |
---|---|---|---|---|---|---|
r-devel-linux-x86_64-debian-clang | 1.2.3 | 353.70 | 86.24 | 439.94 | OK | |
r-devel-linux-x86_64-debian-gcc | 1.2.3 | 222.60 | 63.04 | 285.64 | OK | |
r-devel-linux-x86_64-fedora-clang | 1.2.3 | 711.66 | OK | |||
r-devel-linux-x86_64-fedora-gcc | 1.2.3 | 849.60 | OK | |||
r-devel-windows-x86_64 | 1.2.3 | 300.00 | 144.00 | 444.00 | OK | |
r-patched-linux-x86_64 | 1.2.3 | 301.85 | 80.40 | 382.25 | OK | |
r-release-linux-x86_64 | 1.2.3 | 304.65 | 81.13 | 385.78 | OK | |
r-release-macos-arm64 | 1.2.3 | 204.00 | OK | |||
r-release-macos-x86_64 | 1.2.3 | 219.00 | OK | |||
r-release-windows-x86_64 | 1.2.3 | 302.00 | 145.00 | 447.00 | OK | |
r-oldrel-macos-arm64 | 1.2.3 | 222.00 | NOTE | |||
r-oldrel-macos-x86_64 | 1.2.3 | 242.00 | NOTE | |||
r-oldrel-windows-x86_64 | 1.2.3 | 346.00 | 175.00 | 521.00 | OK |
Version: 1.2.3
Check: installed package size
Result: NOTE
installed size is 46.4Mb
sub-directories of 1Mb or more:
libs 45.5Mb
Flavors: r-oldrel-macos-arm64, r-oldrel-macos-x86_64
These binaries (installable software) and packages are in development.
They may not be fully stable and should be used with caution. We make no claims about them.