Last updated on 2025-07-02 03:50:55 CEST.
Flavor | Version | Tinstall | Tcheck | Ttotal | Status | Flags |
---|---|---|---|---|---|---|
r-devel-linux-x86_64-debian-clang | 1.2.3 | 361.51 | 88.14 | 449.65 | OK | |
r-devel-linux-x86_64-debian-gcc | 1.2.3 | 221.48 | 63.65 | 285.13 | OK | |
r-devel-linux-x86_64-fedora-clang | 1.2.3 | 642.18 | OK | |||
r-devel-linux-x86_64-fedora-gcc | 1.2.3 | 732.99 | OK | |||
r-devel-windows-x86_64 | 1.2.3 | 301.00 | 150.00 | 451.00 | OK | |
r-patched-linux-x86_64 | OK | |||||
r-release-linux-x86_64 | 1.2.3 | 308.11 | 81.45 | 389.56 | OK | |
r-release-macos-arm64 | 1.2.3 | 204.00 | OK | |||
r-release-macos-x86_64 | 1.2.3 | 219.00 | OK | |||
r-release-windows-x86_64 | 1.2.3 | 305.00 | 140.00 | 445.00 | OK | |
r-oldrel-macos-arm64 | 1.2.3 | 222.00 | NOTE | |||
r-oldrel-macos-x86_64 | 1.2.3 | 242.00 | NOTE | |||
r-oldrel-windows-x86_64 | 1.2.3 | 349.00 | 176.00 | 525.00 | OK |
Version: 1.2.3
Check: installed package size
Result: NOTE
installed size is 46.4Mb
sub-directories of 1Mb or more:
libs 45.5Mb
Flavors: r-oldrel-macos-arm64, r-oldrel-macos-x86_64
These binaries (installable software) and packages are in development.
They may not be fully stable and should be used with caution. We make no claims about them.