Last updated on 2025-10-03 05:53:55 CEST.
Flavor | Version | Tinstall | Tcheck | Ttotal | Status | Flags |
---|---|---|---|---|---|---|
r-devel-linux-x86_64-debian-clang | 0.1.4 | 3.59 | 42.77 | 46.36 | OK | |
r-devel-linux-x86_64-debian-gcc | 0.1.4 | 2.55 | 32.05 | 34.60 | OK | |
r-devel-linux-x86_64-fedora-clang | 0.1.4 | 64.89 | OK | |||
r-devel-linux-x86_64-fedora-gcc | 0.1.4 | 82.29 | OK | |||
r-devel-windows-x86_64 | 0.1.4 | 6.00 | 62.00 | 68.00 | OK | |
r-patched-linux-x86_64 | 0.1.4 | 3.35 | 38.01 | 41.36 | OK | |
r-release-linux-x86_64 | 0.1.4 | 2.71 | 38.23 | 40.94 | OK | |
r-release-macos-arm64 | 0.1.4 | 42.00 | OK | |||
r-release-macos-x86_64 | 0.1.4 | 56.00 | OK | |||
r-release-windows-x86_64 | 0.1.4 | 5.00 | 63.00 | 68.00 | OK | |
r-oldrel-macos-arm64 | 0.1.4 | 31.00 | NOTE | |||
r-oldrel-macos-x86_64 | 0.1.4 | 45.00 | NOTE | |||
r-oldrel-windows-x86_64 | 0.1.4 | 6.00 | 72.00 | 78.00 | NOTE |
Version: 0.1.4
Check: LazyData
Result: NOTE
'LazyData' is specified without a 'data' directory
Flavors: r-oldrel-macos-arm64, r-oldrel-macos-x86_64, r-oldrel-windows-x86_64
These binaries (installable software) and packages are in development.
They may not be fully stable and should be used with caution. We make no claims about them.