Last updated on 2025-02-16 08:51:04 CET.
Flavor | Version | Tinstall | Tcheck | Ttotal | Status | Flags |
---|---|---|---|---|---|---|
r-devel-linux-x86_64-debian-clang | 0.4.2 | 11.54 | 148.64 | 160.18 | NOTE | |
r-devel-linux-x86_64-debian-gcc | 0.4.2 | 7.85 | 108.06 | 115.91 | NOTE | |
r-devel-linux-x86_64-fedora-clang | 0.4.2 | 272.09 | OK | |||
r-devel-linux-x86_64-fedora-gcc | 0.4.2 | 252.97 | OK | |||
r-devel-macos-arm64 | 0.4.2 | 81.00 | OK | |||
r-devel-macos-x86_64 | 0.4.2 | 172.00 | OK | |||
r-devel-windows-x86_64 | 0.4.2 | 13.00 | 154.00 | 167.00 | NOTE | |
r-patched-linux-x86_64 | 0.4.2 | 11.01 | 139.14 | 150.15 | OK | |
r-release-linux-x86_64 | 0.4.2 | 10.75 | 137.86 | 148.61 | OK | |
r-release-macos-arm64 | 0.4.2 | 84.00 | OK | |||
r-release-macos-x86_64 | 0.4.2 | 138.00 | OK | |||
r-release-windows-x86_64 | 0.4.2 | 12.00 | 155.00 | 167.00 | OK | |
r-oldrel-macos-arm64 | 0.4.2 | 89.00 | OK | |||
r-oldrel-macos-x86_64 | 0.4.2 | 184.00 | OK | |||
r-oldrel-windows-x86_64 | 0.4.2 | 16.00 | 175.00 | 191.00 | OK |
Version: 0.4.2
Check: Rd cross-references
Result: NOTE
Found the following Rd file(s) with Rd \link{} targets missing package
anchors:
cast_sparse.Rd: sparseMatrix
document_term_casters.Rd: sparseMatrix
Please provide package anchors for all Rd \link{} targets not in the
package itself and the base packages.
Flavors: r-devel-linux-x86_64-debian-clang, r-devel-linux-x86_64-debian-gcc, r-devel-windows-x86_64
These binaries (installable software) and packages are in development.
They may not be fully stable and should be used with caution. We make no claims about them.