CRAN Package Check Results for Package tidytlg

Last updated on 2025-05-01 12:49:43 CEST.

Flavor Version Tinstall Tcheck Ttotal Status Flags
r-devel-linux-x86_64-debian-clang 0.1.5 13.20 184.98 198.18 NOTE
r-devel-linux-x86_64-debian-gcc 0.1.5 8.01 125.73 133.74 OK
r-devel-linux-x86_64-fedora-clang 0.1.5 307.43 OK
r-devel-linux-x86_64-fedora-gcc 0.1.5 291.97 OK
r-devel-windows-x86_64 0.1.5 14.00 181.00 195.00 OK
r-patched-linux-x86_64 0.1.5 12.70 171.95 184.65 OK
r-release-linux-x86_64 OK
r-release-macos-arm64 0.1.5 85.00 OK
r-release-macos-x86_64 0.1.5 185.00 OK
r-release-windows-x86_64 0.1.5 16.00 191.00 207.00 OK
r-oldrel-macos-arm64 0.1.5 94.00 OK
r-oldrel-macos-x86_64 0.1.5 258.00 OK
r-oldrel-windows-x86_64 0.1.5 18.00 228.00 246.00 OK

Check Details

Version: 0.1.5
Check: examples
Result: NOTE Examples with CPU (user + system) or elapsed time > 5s user system elapsed freq 3.662 0.047 5.277 Flavor: r-devel-linux-x86_64-debian-clang

These binaries (installable software) and packages are in development.
They may not be fully stable and should be used with caution. We make no claims about them.