Last updated on 2025-02-19 17:51:07 CET.
Flavor | Version | Tinstall | Tcheck | Ttotal | Status | Flags |
---|---|---|---|---|---|---|
r-devel-linux-x86_64-debian-clang | 0.5.9 | 8.23 | 97.91 | 106.14 | NOTE | |
r-devel-linux-x86_64-debian-gcc | 0.5.9 | 5.13 | 66.60 | 71.73 | NOTE | |
r-devel-linux-x86_64-fedora-clang | 0.5.9 | 186.28 | NOTE | |||
r-devel-linux-x86_64-fedora-gcc | 0.5.9 | 154.33 | NOTE | |||
r-devel-macos-arm64 | 0.5.9 | 70.00 | OK | |||
r-devel-macos-x86_64 | 0.5.9 | 104.00 | NOTE | |||
r-devel-windows-x86_64 | 0.5.9 | 9.00 | 145.00 | 154.00 | NOTE | |
r-patched-linux-x86_64 | 0.5.9 | 9.27 | 90.99 | 100.26 | OK | |
r-release-linux-x86_64 | 0.5.9 | 7.19 | 92.37 | 99.56 | OK | |
r-release-macos-arm64 | 0.5.9 | 65.00 | OK | |||
r-release-macos-x86_64 | 0.5.9 | 142.00 | OK | |||
r-release-windows-x86_64 | 0.5.9 | 10.00 | 143.00 | 153.00 | OK | |
r-oldrel-macos-arm64 | 0.5.9 | 79.00 | OK | |||
r-oldrel-macos-x86_64 | 0.5.9 | 121.00 | OK | |||
r-oldrel-windows-x86_64 | 0.5.9 | 12.00 | 164.00 | 176.00 | OK |
Version: 0.5.9
Check: DESCRIPTION meta-information
Result: NOTE
Missing dependency on R >= 4.1.0 because package code uses the pipe
|> or function shorthand \(...) syntax added in R 4.1.0.
File(s) using such syntax:
‘tw_search.R’
Flavors: r-devel-linux-x86_64-debian-clang, r-devel-linux-x86_64-debian-gcc, r-devel-linux-x86_64-fedora-clang, r-devel-linux-x86_64-fedora-gcc, r-devel-macos-x86_64, r-devel-windows-x86_64
These binaries (installable software) and packages are in development.
They may not be fully stable and should be used with caution. We make no claims about them.