CRAN Package Check Results for Package tidywikidatar

Last updated on 2025-07-02 03:50:55 CEST.

Flavor Version Tinstall Tcheck Ttotal Status Flags
r-devel-linux-x86_64-debian-clang 0.5.9 7.71 101.71 109.42 NOTE
r-devel-linux-x86_64-debian-gcc 0.5.9 4.92 69.52 74.44 NOTE
r-devel-linux-x86_64-fedora-clang 0.5.9 165.16 NOTE
r-devel-linux-x86_64-fedora-gcc 0.5.9 151.91 NOTE
r-devel-windows-x86_64 0.5.9 10.00 149.00 159.00 NOTE
r-patched-linux-x86_64 NOTE
r-release-linux-x86_64 0.5.9 6.48 93.77 100.25 NOTE
r-release-macos-arm64 0.5.9 67.00 NOTE
r-release-macos-x86_64 0.5.9 104.00 NOTE
r-release-windows-x86_64 0.5.9 10.00 144.00 154.00 NOTE
r-oldrel-macos-arm64 0.5.9 65.00 OK
r-oldrel-macos-x86_64 0.5.9 142.00 OK
r-oldrel-windows-x86_64 0.5.9 12.00 172.00 184.00 OK

Check Details

Version: 0.5.9
Check: DESCRIPTION meta-information
Result: NOTE Missing dependency on R >= 4.1.0 because package code uses the pipe |> or function shorthand \(...) syntax added in R 4.1.0. File(s) using such syntax: ‘tw_search.R’ Flavors: r-devel-linux-x86_64-debian-clang, r-devel-linux-x86_64-debian-gcc, r-devel-linux-x86_64-fedora-clang, r-devel-linux-x86_64-fedora-gcc, r-devel-windows-x86_64, r-patched-linux-x86_64, r-release-linux-x86_64, r-release-macos-arm64, r-release-macos-x86_64, r-release-windows-x86_64

These binaries (installable software) and packages are in development.
They may not be fully stable and should be used with caution. We make no claims about them.