Last updated on 2025-11-12 12:53:25 CET.
| Flavor | Version | Tinstall | Tcheck | Ttotal | Status | Flags |
|---|---|---|---|---|---|---|
| r-devel-linux-x86_64-debian-clang | 0.5.9 | 7.55 | 105.49 | 113.04 | NOTE | |
| r-devel-linux-x86_64-debian-gcc | 0.5.9 | 4.42 | 71.17 | 75.59 | NOTE | |
| r-devel-linux-x86_64-fedora-clang | 0.5.9 | 43.00 | 140.39 | 183.39 | NOTE | |
| r-devel-linux-x86_64-fedora-gcc | 0.5.9 | 21.00 | 140.29 | 161.29 | NOTE | |
| r-devel-windows-x86_64 | 0.5.9 | 11.00 | 145.00 | 156.00 | NOTE | |
| r-patched-linux-x86_64 | 0.5.9 | 8.99 | 98.39 | 107.38 | NOTE | |
| r-release-linux-x86_64 | 0.5.9 | 7.42 | 97.87 | 105.29 | NOTE | |
| r-release-macos-arm64 | 0.5.9 | 3.00 | 64.00 | 67.00 | NOTE | |
| r-release-macos-x86_64 | 0.5.9 | 6.00 | 98.00 | 104.00 | NOTE | |
| r-release-windows-x86_64 | 0.5.9 | 11.00 | 147.00 | 158.00 | NOTE | |
| r-oldrel-macos-arm64 | 0.5.9 | 3.00 | 62.00 | 65.00 | OK | |
| r-oldrel-macos-x86_64 | 0.5.9 | 10.00 | 132.00 | 142.00 | OK | |
| r-oldrel-windows-x86_64 | 0.5.9 | 12.00 | 179.00 | 191.00 | OK |
Version: 0.5.9
Check: DESCRIPTION meta-information
Result: NOTE
Missing dependency on R >= 4.1.0 because package code uses the pipe
|> or function shorthand \(...) syntax added in R 4.1.0.
File(s) using such syntax:
‘tw_search.R’
Flavors: r-devel-linux-x86_64-debian-clang, r-devel-linux-x86_64-debian-gcc, r-devel-linux-x86_64-fedora-clang, r-devel-linux-x86_64-fedora-gcc, r-devel-windows-x86_64, r-patched-linux-x86_64, r-release-linux-x86_64, r-release-macos-arm64, r-release-macos-x86_64, r-release-windows-x86_64
These binaries (installable software) and packages are in development.
They may not be fully stable and should be used with caution. We make no claims about them.