Last updated on 2025-10-24 01:50:43 CEST.
| Flavor | Version | Tinstall | Tcheck | Ttotal | Status | Flags |
|---|---|---|---|---|---|---|
| r-devel-linux-x86_64-debian-clang | 0.1-12 | 5.15 | 20.19 | 25.34 | NOTE | |
| r-devel-linux-x86_64-debian-gcc | 0.1-12 | 4.58 | 16.10 | 20.68 | NOTE | |
| r-devel-linux-x86_64-fedora-clang | 0.1-12 | 25.00 | 14.44 | 39.44 | OK | |
| r-devel-linux-x86_64-fedora-gcc | 0.1-12 | 13.00 | 23.64 | 36.64 | OK | |
| r-devel-windows-x86_64 | 0.1-12 | 9.00 | 54.00 | 63.00 | OK | |
| r-patched-linux-x86_64 | 0.1-12 | 3.98 | 18.83 | 22.81 | OK | |
| r-release-linux-x86_64 | 0.1-12 | 4.25 | 18.95 | 23.20 | OK | |
| r-release-macos-arm64 | 0.1-12 | 8.00 | 15.00 | 23.00 | OK | |
| r-release-macos-x86_64 | 0.1-12 | 15.00 | 19.00 | 34.00 | OK | |
| r-release-windows-x86_64 | 0.1-12 | 9.00 | 57.00 | 66.00 | OK | |
| r-oldrel-macos-arm64 | 0.1-12 | 8.00 | 18.00 | 26.00 | NOTE | |
| r-oldrel-macos-x86_64 | 0.1-12 | 9.00 | 17.00 | 26.00 | NOTE | |
| r-oldrel-windows-x86_64 | 0.1-12 | 9.00 | 55.00 | 64.00 | OK |
Version: 0.1-12
Check: CRAN incoming feasibility
Result: NOTE
Maintainer: ‘Simon Urbanek <Simon.Urbanek@r-project.org>’
No Authors@R field in DESCRIPTION.
Please add one, modifying
Authors@R: c(person(given = "Simon",
family = "Urbanek",
role = c("aut", "cre"),
email = "Simon.Urbanek@r-project.org"),
person(given = "Kent",
family = "Johnson",
role = "ctb",
email = "kjohnson@akoyabio.com"))
as necessary.
Flavors: r-devel-linux-x86_64-debian-clang, r-devel-linux-x86_64-debian-gcc
Version: 0.1-12
Check: installed package size
Result: NOTE
installed size is 5.4Mb
sub-directories of 1Mb or more:
libs 5.3Mb
Flavors: r-oldrel-macos-arm64, r-oldrel-macos-x86_64
These binaries (installable software) and packages are in development.
They may not be fully stable and should be used with caution. We make no claims about them.