CRAN Package Check Results for Package tiff

Last updated on 2025-02-16 08:51:04 CET.

Flavor Version Tinstall Tcheck Ttotal Status Flags
r-devel-linux-x86_64-debian-clang 0.1-12 5.06 17.81 22.87 OK
r-devel-linux-x86_64-debian-gcc 0.1-12 4.36 14.88 19.24 OK
r-devel-linux-x86_64-fedora-clang 0.1-12 39.34 OK
r-devel-linux-x86_64-fedora-gcc 0.1-12 37.19 OK
r-devel-macos-arm64 0.1-12 20.00 OK
r-devel-macos-x86_64 0.1-12 32.00 OK
r-devel-windows-x86_64 0.1-12 9.00 55.00 64.00 OK
r-patched-linux-x86_64 0.1-12 4.71 16.69 21.40 OK
r-release-linux-x86_64 0.1-12 4.64 16.76 21.40 OK
r-release-macos-arm64 0.1-12 26.00 NOTE
r-release-macos-x86_64 0.1-12 26.00 NOTE
r-release-windows-x86_64 0.1-12 9.00 55.00 64.00 OK
r-oldrel-macos-arm64 0.1-12 25.00 NOTE
r-oldrel-macos-x86_64 0.1-12 48.00 NOTE
r-oldrel-windows-x86_64 0.1-12 10.00 52.00 62.00 OK

Check Details

Version: 0.1-12
Check: installed package size
Result: NOTE installed size is 5.4Mb sub-directories of 1Mb or more: libs 5.3Mb Flavors: r-release-macos-arm64, r-release-macos-x86_64, r-oldrel-macos-arm64, r-oldrel-macos-x86_64

These binaries (installable software) and packages are in development.
They may not be fully stable and should be used with caution. We make no claims about them.