Last updated on 2025-11-11 15:50:50 CET.
| Flavor | Version | Tinstall | Tcheck | Ttotal | Status | Flags |
|---|---|---|---|---|---|---|
| r-devel-linux-x86_64-debian-clang | 1.1 | 1.81 | 21.15 | 22.96 | NOTE | |
| r-devel-linux-x86_64-debian-gcc | 1.1 | 1.54 | 17.25 | 18.79 | NOTE | |
| r-devel-linux-x86_64-fedora-clang | 1.1 | 34.00 | OK | |||
| r-devel-linux-x86_64-fedora-gcc | 1.1 | 33.08 | OK | |||
| r-devel-windows-x86_64 | 1.1 | 2.00 | 39.00 | 41.00 | OK | |
| r-patched-linux-x86_64 | 1.1 | 1.87 | 20.04 | 21.91 | OK | |
| r-release-linux-x86_64 | 1.1 | 1.81 | 20.06 | 21.87 | OK | |
| r-release-macos-arm64 | 1.1 | 1.00 | 16.00 | 17.00 | OK | |
| r-release-macos-x86_64 | 1.1 | 2.00 | 24.00 | 26.00 | OK | |
| r-release-windows-x86_64 | 1.1 | 3.00 | 39.00 | 42.00 | OK | |
| r-oldrel-macos-arm64 | 1.1 | 1.00 | 15.00 | 16.00 | OK | |
| r-oldrel-macos-x86_64 | 1.1 | 2.00 | 20.00 | 22.00 | OK | |
| r-oldrel-windows-x86_64 | 1.1 | 2.00 | 40.00 | 42.00 | OK |
Version: 1.1
Check: CRAN incoming feasibility
Result: NOTE
Maintainer: ‘Chi Song <song.1188@osu.edu>’
No Authors@R field in DESCRIPTION.
Please add one, modifying
Authors@R: c(person(given = c("George", "C."),
family = "Tseng",
role = "aut",
email = "ctseng@pitt.edu"),
person(given = c("Wing", "H."),
family = "Wong",
role = "aut",
email = "whwong@stanford.edu"),
person(given = "Chi",
family = "Song",
role = "cre",
email = "song.1188@osu.edu"))
as necessary.
Flavors: r-devel-linux-x86_64-debian-clang, r-devel-linux-x86_64-debian-gcc
These binaries (installable software) and packages are in development.
They may not be fully stable and should be used with caution. We make no claims about them.