Last updated on 2025-11-11 15:50:50 CET.
| Flavor | Version | Tinstall | Tcheck | Ttotal | Status | Flags |
|---|---|---|---|---|---|---|
| r-devel-linux-x86_64-debian-clang | 0.1.7 | 2.65 | 45.15 | 47.80 | OK | |
| r-devel-linux-x86_64-debian-gcc | 0.1.7 | 1.98 | 35.21 | 37.19 | OK | |
| r-devel-linux-x86_64-fedora-clang | 0.1.7 | 74.97 | OK | |||
| r-devel-linux-x86_64-fedora-gcc | 0.1.7 | 76.02 | OK | |||
| r-devel-windows-x86_64 | 0.1.7 | 4.00 | 61.00 | 65.00 | OK | |
| r-patched-linux-x86_64 | 0.1.7 | 2.65 | 44.18 | 46.83 | OK | |
| r-release-linux-x86_64 | 0.1.7 | 2.19 | 43.67 | 45.86 | OK | |
| r-release-macos-arm64 | 0.1.7 | 2.00 | 28.00 | 30.00 | OK | |
| r-release-macos-x86_64 | 0.1.7 | 2.00 | 62.00 | 64.00 | OK | |
| r-release-windows-x86_64 | 0.1.7 | 4.00 | 62.00 | 66.00 | OK | |
| r-oldrel-macos-arm64 | 0.1.7 | 1.00 | 25.00 | 26.00 | NOTE | |
| r-oldrel-macos-x86_64 | 0.1.7 | 2.00 | 44.00 | 46.00 | NOTE | |
| r-oldrel-windows-x86_64 | 0.1.7 | 4.00 | 74.00 | 78.00 | NOTE |
Version: 0.1.7
Check: package dependencies
Result: NOTE
Package suggested but not available for checking: ‘rrelaxiv’
Flavors: r-oldrel-macos-arm64, r-oldrel-macos-x86_64, r-oldrel-windows-x86_64
These binaries (installable software) and packages are in development.
They may not be fully stable and should be used with caution. We make no claims about them.