CRAN Package Check Results for Package tiledb

Last updated on 2025-07-11 09:50:22 CEST.

Flavor Version Tinstall Tcheck Ttotal Status Flags
r-devel-linux-x86_64-debian-clang 0.32.0 132.10 176.56 308.66 OK
r-devel-linux-x86_64-debian-gcc 0.32.0 107.35 106.12 213.47 OK
r-devel-linux-x86_64-fedora-clang 0.32.0 527.94 OK
r-devel-linux-x86_64-fedora-gcc 0.32.0 540.50 OK
r-devel-windows-x86_64 0.32.0 148.00 397.00 545.00 OK
r-patched-linux-x86_64 0.32.0 153.85 168.66 322.51 OK
r-release-linux-x86_64 0.32.0 141.84 164.81 306.65 OK
r-release-macos-arm64 0.32.0 164.00 OK
r-release-macos-x86_64 0.32.0 417.00 OK
r-release-windows-x86_64 0.32.0 151.00 421.00 572.00 OK
r-oldrel-macos-arm64 0.32.0 144.00 NOTE
r-oldrel-macos-x86_64 0.32.0 482.00 NOTE
r-oldrel-windows-x86_64 0.32.0 178.00 514.00 692.00 NOTE

Check Details

Version: 0.32.0
Check: installed package size
Result: NOTE installed size is 59.4Mb sub-directories of 1Mb or more: libs 16.2Mb tiledb 40.7Mb Flavors: r-oldrel-macos-arm64, r-oldrel-macos-x86_64, r-oldrel-windows-x86_64

These binaries (installable software) and packages are in development.
They may not be fully stable and should be used with caution. We make no claims about them.