Last updated on 2025-05-08 04:52:21 CEST.
Flavor | Version | Tinstall | Tcheck | Ttotal | Status | Flags |
---|---|---|---|---|---|---|
r-devel-linux-x86_64-debian-clang | 0.2.0 | 4.69 | 41.21 | 45.90 | OK | |
r-devel-linux-x86_64-debian-gcc | 0.2.0 | 3.14 | 31.79 | 34.93 | OK | |
r-devel-linux-x86_64-fedora-clang | 0.2.0 | 73.41 | NOTE | |||
r-devel-linux-x86_64-fedora-gcc | 0.2.0 | 87.57 | NOTE | |||
r-devel-windows-x86_64 | 0.2.0 | 7.00 | 62.00 | 69.00 | OK | |
r-patched-linux-x86_64 | 0.2.0 | 4.39 | 39.58 | 43.97 | OK | |
r-release-linux-x86_64 | 0.2.0 | 4.30 | 39.80 | 44.10 | OK | |
r-release-macos-arm64 | 0.2.0 | 46.00 | OK | |||
r-release-macos-x86_64 | 0.2.0 | 66.00 | OK | |||
r-release-windows-x86_64 | 0.2.0 | 8.00 | 62.00 | 70.00 | OK | |
r-oldrel-macos-arm64 | 0.2.0 | 30.00 | OK | |||
r-oldrel-macos-x86_64 | 0.2.0 | 47.00 | OK | |||
r-oldrel-windows-x86_64 | 0.2.0 | 9.00 | 70.00 | 79.00 | OK |
Version: 0.2.0
Check: dependencies in R code
Result: NOTE
Namespace in Imports field not imported from: ‘sp’
All declared Imports should be used.
Flavors: r-devel-linux-x86_64-fedora-clang, r-devel-linux-x86_64-fedora-gcc
These binaries (installable software) and packages are in development.
They may not be fully stable and should be used with caution. We make no claims about them.