Last updated on 2025-10-23 11:50:31 CEST.
Flavor | Version | Tinstall | Tcheck | Ttotal | Status | Flags |
---|---|---|---|---|---|---|
r-devel-linux-x86_64-debian-clang | 0.2.0 | 4.59 | 43.50 | 48.09 | OK | |
r-devel-linux-x86_64-debian-gcc | 0.2.0 | 3.47 | 34.36 | 37.83 | OK | |
r-devel-linux-x86_64-fedora-clang | 0.2.0 | 11.00 | 65.11 | 76.11 | NOTE | |
r-devel-linux-x86_64-fedora-gcc | 0.2.0 | 13.00 | 76.53 | 89.53 | NOTE | |
r-devel-windows-x86_64 | 0.2.0 | 7.00 | 60.00 | 67.00 | OK | |
r-patched-linux-x86_64 | 0.2.0 | 4.77 | 41.13 | 45.90 | OK | |
r-release-linux-x86_64 | 0.2.0 | 4.34 | 41.01 | 45.35 | OK | |
r-release-macos-arm64 | 0.2.0 | 3.00 | 43.00 | 46.00 | OK | |
r-release-macos-x86_64 | 0.2.0 | 4.00 | 62.00 | 66.00 | OK | |
r-release-windows-x86_64 | 0.2.0 | 9.00 | 63.00 | 72.00 | OK | |
r-oldrel-macos-arm64 | 0.2.0 | 2.00 | 28.00 | 30.00 | OK | |
r-oldrel-macos-x86_64 | 0.2.0 | 4.00 | 43.00 | 47.00 | OK | |
r-oldrel-windows-x86_64 | 0.2.0 | 10.00 | 72.00 | 82.00 | OK |
Version: 0.2.0
Check: dependencies in R code
Result: NOTE
Namespace in Imports field not imported from: ‘sp’
All declared Imports should be used.
Flavors: r-devel-linux-x86_64-fedora-clang, r-devel-linux-x86_64-fedora-gcc
These binaries (installable software) and packages are in development.
They may not be fully stable and should be used with caution. We make no claims about them.