CRAN Package Check Results for Package timeDF

Last updated on 2025-07-24 07:49:50 CEST.

Flavor Version Tinstall Tcheck Ttotal Status Flags
r-devel-linux-x86_64-debian-clang 0.9.1 11.37 31.91 43.28 NOTE
r-devel-linux-x86_64-debian-gcc 0.9.1 8.29 24.95 33.24 NOTE
r-devel-linux-x86_64-fedora-clang 0.9.1 69.40 OK
r-devel-linux-x86_64-fedora-gcc 0.9.1 64.48 OK
r-devel-windows-x86_64 0.9.1 23.00 85.00 108.00 OK
r-patched-linux-x86_64 0.9.1 11.47 30.03 41.50 OK
r-release-linux-x86_64 0.9.1 10.51 29.81 40.32 OK
r-release-macos-arm64 0.9.1 25.00 OK
r-release-macos-x86_64 0.9.1 42.00 OK
r-release-windows-x86_64 0.9.1 21.00 85.00 106.00 OK
r-oldrel-macos-arm64 0.9.1 30.00 OK
r-oldrel-macos-x86_64 0.9.1 52.00 OK
r-oldrel-windows-x86_64 0.9.1 21.00 90.00 111.00 OK

Check Details

Version: 0.9.1
Check: CRAN incoming feasibility
Result: NOTE Maintainer: ‘Toshihiro Umehara <toshi@niceume.com>’ The BugReports field in DESCRIPTION has https://github.com/niceume/timeDF which should likely be https://github.com/niceume/timeDF/issues instead. Flavors: r-devel-linux-x86_64-debian-clang, r-devel-linux-x86_64-debian-gcc

These binaries (installable software) and packages are in development.
They may not be fully stable and should be used with caution. We make no claims about them.