Last updated on 2025-05-01 08:52:48 CEST.
Flavor | Version | Tinstall | Tcheck | Ttotal | Status | Flags |
---|---|---|---|---|---|---|
r-devel-linux-x86_64-debian-clang | 0.9.1 | 12.00 | 31.59 | 43.59 | NOTE | |
r-devel-linux-x86_64-debian-gcc | 0.9.1 | 7.75 | 25.19 | 32.94 | NOTE | |
r-devel-linux-x86_64-fedora-clang | 0.9.1 | 73.67 | OK | |||
r-devel-linux-x86_64-fedora-gcc | 0.9.1 | 66.28 | OK | |||
r-devel-windows-x86_64 | 0.9.1 | 22.00 | 88.00 | 110.00 | OK | |
r-patched-linux-x86_64 | 0.9.1 | 11.38 | 29.98 | 41.36 | OK | |
r-release-linux-x86_64 | OK | |||||
r-release-macos-arm64 | 0.9.1 | 25.00 | OK | |||
r-release-macos-x86_64 | 0.9.1 | 42.00 | OK | |||
r-release-windows-x86_64 | 0.9.1 | 22.00 | 91.00 | 113.00 | OK | |
r-oldrel-macos-arm64 | 0.9.1 | 30.00 | OK | |||
r-oldrel-macos-x86_64 | 0.9.1 | 52.00 | OK | |||
r-oldrel-windows-x86_64 | 0.9.1 | 24.00 | 76.00 | 100.00 | OK |
Version: 0.9.1
Check: CRAN incoming feasibility
Result: NOTE
Maintainer: ‘Toshihiro Umehara <toshi@niceume.com>’
The BugReports field in DESCRIPTION has
https://github.com/niceume/timeDF
which should likely be
https://github.com/niceume/timeDF/issues
instead.
Flavors: r-devel-linux-x86_64-debian-clang, r-devel-linux-x86_64-debian-gcc
These binaries (installable software) and packages are in development.
They may not be fully stable and should be used with caution. We make no claims about them.