CRAN Package Check Results for Package timeR

Last updated on 2025-02-19 17:51:07 CET.

Flavor Version Tinstall Tcheck Ttotal Status Flags
r-devel-linux-x86_64-debian-clang 1.2.0 2.22 22.09 24.31 NOTE
r-devel-linux-x86_64-debian-gcc 1.2.0 1.69 17.84 19.53 NOTE
r-devel-linux-x86_64-fedora-clang 1.2.0 43.41 NOTE
r-devel-linux-x86_64-fedora-gcc 1.2.0 51.67 NOTE
r-devel-macos-arm64 1.2.0 29.00 NOTE
r-devel-macos-x86_64 1.2.0 44.00 NOTE
r-devel-windows-x86_64 1.2.0 3.00 49.00 52.00 NOTE
r-patched-linux-x86_64 1.2.0 2.42 21.28 23.70 NOTE
r-release-linux-x86_64 1.2.0 1.87 21.17 23.04 NOTE
r-release-macos-arm64 1.2.0 26.00 NOTE
r-release-macos-x86_64 1.2.0 38.00 NOTE
r-release-windows-x86_64 1.2.0 3.00 54.00 57.00 NOTE
r-oldrel-macos-arm64 1.2.0 28.00 NOTE
r-oldrel-macos-x86_64 1.2.0 36.00 NOTE
r-oldrel-windows-x86_64 1.2.0 4.00 52.00 56.00 NOTE

Check Details

Version: 1.2.0
Check: package subdirectories
Result: NOTE Problems with news in ‘NEWS.md’: No news entries found. Flavors: r-devel-linux-x86_64-debian-clang, r-devel-linux-x86_64-debian-gcc, r-devel-linux-x86_64-fedora-clang, r-devel-linux-x86_64-fedora-gcc, r-devel-macos-arm64, r-devel-macos-x86_64, r-devel-windows-x86_64, r-patched-linux-x86_64, r-release-linux-x86_64, r-release-macos-arm64, r-release-macos-x86_64, r-release-windows-x86_64, r-oldrel-macos-arm64, r-oldrel-macos-x86_64, r-oldrel-windows-x86_64

Version: 1.2.0
Check: dependencies in R code
Result: NOTE Namespace in Imports field not imported from: ‘lubridate’ All declared Imports should be used. Flavors: r-devel-linux-x86_64-fedora-clang, r-devel-linux-x86_64-fedora-gcc

Version: 1.2.0
Check: LazyData
Result: NOTE 'LazyData' is specified without a 'data' directory Flavors: r-patched-linux-x86_64, r-release-linux-x86_64, r-release-macos-arm64, r-release-macos-x86_64, r-release-windows-x86_64, r-oldrel-macos-arm64, r-oldrel-macos-x86_64, r-oldrel-windows-x86_64

These binaries (installable software) and packages are in development.
They may not be fully stable and should be used with caution. We make no claims about them.