CRAN Package Check Results for Package timeROC

Last updated on 2025-11-24 13:50:17 CET.

Flavor Version Tinstall Tcheck Ttotal Status Flags
r-devel-linux-x86_64-debian-clang 0.4 10.30 82.18 92.48 NOTE
r-devel-linux-x86_64-debian-gcc 0.4 6.28 58.52 64.80 NOTE
r-devel-linux-x86_64-fedora-clang 0.4 21.00 118.87 139.87 NOTE
r-devel-linux-x86_64-fedora-gcc 0.4 28.00 107.81 135.81 NOTE
r-devel-windows-x86_64 0.4 13.00 89.00 102.00 NOTE
r-patched-linux-x86_64 0.4 9.88 76.91 86.79 NOTE
r-release-linux-x86_64 0.4 8.93 77.23 86.16 NOTE
r-release-macos-arm64 0.4 NOTE
r-release-macos-x86_64 0.4 9.00 67.00 76.00 NOTE
r-release-windows-x86_64 0.4 11.00 99.00 110.00 NOTE
r-oldrel-macos-arm64 0.4 NOTE
r-oldrel-macos-x86_64 0.4 9.00 65.00 74.00 NOTE
r-oldrel-windows-x86_64 0.4 17.00 107.00 124.00 NOTE

Check Details

Version: 0.4
Check: CRAN incoming feasibility
Result: NOTE Maintainer: ‘Paul Blanche <paulfblanche@gmail.com>’ No Authors@R field in DESCRIPTION. Please add one, modifying Authors@R: person(given = "Paul", family = "Blanche", role = c("aut", "cre"), email = "paulfblanche@gmail.com") as necessary. Package CITATION file contains call(s) to old-style personList() or as.personList(). Please use c() on person objects instead. Package CITATION file contains call(s) to old-style citEntry(). Please use bibentry() instead. Flavors: r-devel-linux-x86_64-debian-clang, r-devel-linux-x86_64-debian-gcc

Version: 0.4
Check: Rd files
Result: NOTE checkRd: (-1) compare.Rd:46: Escaped LaTeX specials: \& Flavors: r-devel-linux-x86_64-debian-clang, r-devel-linux-x86_64-debian-gcc, r-devel-linux-x86_64-fedora-clang, r-devel-linux-x86_64-fedora-gcc, r-devel-windows-x86_64, r-patched-linux-x86_64, r-release-linux-x86_64, r-release-macos-arm64, r-release-macos-x86_64, r-release-windows-x86_64, r-oldrel-macos-arm64, r-oldrel-macos-x86_64, r-oldrel-windows-x86_64

These binaries (installable software) and packages are in development.
They may not be fully stable and should be used with caution. We make no claims about them.