Last updated on 2025-11-12 18:50:49 CET.
| Flavor | Version | Tinstall | Tcheck | Ttotal | Status | Flags |
|---|---|---|---|---|---|---|
| r-devel-linux-x86_64-debian-clang | 4041.111 | 10.88 | 194.90 | 205.78 | NOTE | |
| r-devel-linux-x86_64-debian-gcc | 4041.111 | 8.31 | 123.95 | 132.26 | NOTE | |
| r-devel-linux-x86_64-fedora-clang | 4041.111 | 24.00 | 302.52 | 326.52 | NOTE | |
| r-devel-linux-x86_64-fedora-gcc | 4041.111 | 30.00 | 305.38 | 335.38 | NOTE | |
| r-devel-windows-x86_64 | 4041.111 | 11.00 | 213.00 | 224.00 | NOTE | |
| r-patched-linux-x86_64 | 4041.111 | 12.91 | 194.51 | 207.42 | OK | |
| r-release-linux-x86_64 | 4041.111 | 10.72 | 196.32 | 207.04 | OK | |
| r-release-macos-arm64 | 4041.111 | 6.00 | 95.00 | 101.00 | OK | |
| r-release-macos-x86_64 | 4041.111 | 10.00 | 265.00 | 275.00 | OK | |
| r-release-windows-x86_64 | 4041.111 | 14.00 | 223.00 | 237.00 | OK | |
| r-oldrel-macos-arm64 | 4041.111 | 5.00 | 90.00 | 95.00 | OK | |
| r-oldrel-macos-x86_64 | 4041.111 | 14.00 | 282.00 | 296.00 | OK | |
| r-oldrel-windows-x86_64 | 4041.111 | 16.00 | 281.00 | 297.00 | OK |
Version: 4041.111
Check: Rd files
Result: NOTE
checkRd: (-1) timeSeries-deprecated.Rd:49-65: Only 2 columns allowed in this table (row 1 has 1)
checkRd: (-1) timeSeries-deprecated.Rd:49-65: Only 2 columns allowed in this table (row 2 has 1)
Flavors: r-devel-linux-x86_64-debian-clang, r-devel-linux-x86_64-debian-gcc, r-devel-linux-x86_64-fedora-clang, r-devel-linux-x86_64-fedora-gcc, r-devel-windows-x86_64
These binaries (installable software) and packages are in development.
They may not be fully stable and should be used with caution. We make no claims about them.