Last updated on 2025-07-26 01:51:07 CEST.
Flavor | Version | Tinstall | Tcheck | Ttotal | Status | Flags |
---|---|---|---|---|---|---|
r-devel-linux-x86_64-debian-clang | 0.3.0 | 28.21 | 26.07 | 54.28 | OK | |
r-devel-linux-x86_64-debian-gcc | 0.3.0 | 21.56 | 20.12 | 41.68 | OK | |
r-devel-linux-x86_64-fedora-clang | 0.3.0 | 110.34 | OK | |||
r-devel-linux-x86_64-fedora-gcc | 0.3.0 | 92.77 | OK | |||
r-devel-windows-x86_64 | 0.3.0 | 46.00 | 81.00 | 127.00 | OK | |
r-patched-linux-x86_64 | 0.3.0 | 27.54 | 25.03 | 52.57 | OK | |
r-release-linux-x86_64 | 0.3.0 | 26.54 | 24.35 | 50.89 | OK | |
r-release-macos-arm64 | 0.3.0 | 27.00 | ERROR | |||
r-release-macos-x86_64 | 0.3.0 | 44.00 | OK | |||
r-release-windows-x86_64 | 0.3.0 | 44.00 | 72.00 | 116.00 | OK | |
r-oldrel-macos-arm64 | 0.3.0 | 32.00 | OK | |||
r-oldrel-macos-x86_64 | 0.3.0 | 35.00 | OK | |||
r-oldrel-windows-x86_64 | 0.3.0 | 38.00 | 82.00 | 120.00 | OK |
Version: 0.3.0
Check: tests
Result: ERROR
Running ‘testthat.R’ [0s/0s]
Running the tests in ‘tests/testthat.R’ failed.
Complete output:
>
> library(testthat)
> test_check("timechange")
Loading required package: timechange
Error in loadNamespace(x) : there is no package called 'desc'
Calls: test_check ... loadNamespace -> withRestarts -> withOneRestart -> doWithOneRestart
Execution halted
Flavor: r-release-macos-arm64
These binaries (installable software) and packages are in development.
They may not be fully stable and should be used with caution. We make no claims about them.