Last updated on 2024-07-27 15:50:36 CEST.
Flavor | Version | Tinstall | Tcheck | Ttotal | Status | Flags |
---|---|---|---|---|---|---|
r-devel-linux-x86_64-debian-clang | 0.8.1 | 32.31 | 265.95 | 298.26 | NOTE | |
r-devel-linux-x86_64-debian-gcc | 0.8.1 | NOTE | ||||
r-devel-linux-x86_64-fedora-clang | 0.8.1 | 394.22 | NOTE | |||
r-devel-linux-x86_64-fedora-gcc | 0.8.1 | 377.04 | NOTE | |||
r-devel-windows-x86_64 | 0.8.1 | 35.00 | 215.00 | 250.00 | NOTE | |
r-patched-linux-x86_64 | 0.8.1 | OK | ||||
r-release-linux-x86_64 | 0.8.1 | 26.46 | 261.31 | 287.77 | OK | |
r-release-macos-arm64 | 0.8.1 | 99.00 | OK | |||
r-release-macos-x86_64 | 0.8.1 | 287.00 | OK | |||
r-release-windows-x86_64 | 0.8.1 | 31.00 | 212.00 | 243.00 | OK | |
r-oldrel-macos-arm64 | 0.8.1 | 95.00 | OK | |||
r-oldrel-macos-x86_64 | 0.8.1 | 234.00 | OK | |||
r-oldrel-windows-x86_64 | 0.8.1 | 37.00 | 278.00 | 315.00 | OK |
Version: 0.8.1
Check: compiled code
Result: NOTE
File ‘timeplyr/libs/timeplyr.so’:
Found non-API call to R: ‘STRING_PTR’
Compiled code should not call non-API entry points in R.
See ‘Writing portable packages’ in the ‘Writing R Extensions’ manual,
and section ‘Moving into C API compliance’ for issues with the use of
non-API entry points.
Flavors: r-devel-linux-x86_64-debian-clang, r-devel-linux-x86_64-debian-gcc, r-devel-linux-x86_64-fedora-clang, r-devel-linux-x86_64-fedora-gcc
Version: 0.8.1
Check: Rd cross-references
Result: NOTE
Found the following Rd file(s) with Rd \link{} targets missing package
anchors:
time_seq.Rd: seq_id
Please provide package anchors for all Rd \link{} targets not in the
package itself and the base packages.
Flavors: r-devel-linux-x86_64-debian-gcc, r-devel-windows-x86_64
Version: 0.8.1
Check: compiled code
Result: NOTE
File 'timeplyr/libs/x64/timeplyr.dll':
Found non-API call to R: 'STRING_PTR'
Compiled code should not call non-API entry points in R.
See 'Writing portable packages' in the 'Writing R Extensions' manual,
and section 'Moving into C API compliance' for issues with the use of
non-API entry points.
Flavor: r-devel-windows-x86_64
These binaries (installable software) and packages are in development.
They may not be fully stable and should be used with caution. We make no claims about them.