Last updated on 2025-02-16 08:51:04 CET.
Flavor | Version | Tinstall | Tcheck | Ttotal | Status | Flags |
---|---|---|---|---|---|---|
r-devel-linux-x86_64-debian-clang | 2.9.0 | 20.16 | 270.99 | 291.15 | NOTE | |
r-devel-linux-x86_64-debian-gcc | 2.9.0 | 15.27 | 177.57 | 192.84 | NOTE | |
r-devel-linux-x86_64-fedora-clang | 2.9.0 | 485.37 | OK | |||
r-devel-linux-x86_64-fedora-gcc | 2.9.0 | 393.71 | OK | |||
r-devel-macos-arm64 | 2.9.0 | 118.00 | OK | |||
r-devel-macos-x86_64 | 2.9.0 | 259.00 | OK | |||
r-devel-windows-x86_64 | 2.9.0 | 22.00 | 266.00 | 288.00 | NOTE | |
r-patched-linux-x86_64 | 2.9.0 | 31.10 | 251.27 | 282.37 | OK | |
r-release-linux-x86_64 | 2.9.0 | 22.07 | 251.52 | 273.59 | OK | |
r-release-macos-arm64 | 2.9.0 | 120.00 | OK | |||
r-release-macos-x86_64 | 2.9.0 | 216.00 | OK | |||
r-release-windows-x86_64 | 2.9.0 | 26.00 | 271.00 | 297.00 | OK | |
r-oldrel-macos-arm64 | 2.9.0 | 177.00 | OK | |||
r-oldrel-macos-x86_64 | 2.9.0 | 273.00 | OK | |||
r-oldrel-windows-x86_64 | 2.9.0 | 30.00 | 340.00 | 370.00 | OK |
Version: 2.9.0
Check: Rd cross-references
Result: NOTE
Found the following Rd file(s) with Rd \link{} targets missing package
anchors:
parse_date2.Rd: anytime, anydate
step_box_cox.Rd: selections
step_diff.Rd: step_naomit, selections
step_log_interval.Rd: selections
step_ts_clean.Rd: selections
step_ts_impute.Rd: selections
Please provide package anchors for all Rd \link{} targets not in the
package itself and the base packages.
Flavors: r-devel-linux-x86_64-debian-clang, r-devel-linux-x86_64-debian-gcc, r-devel-windows-x86_64
These binaries (installable software) and packages are in development.
They may not be fully stable and should be used with caution. We make no claims about them.