Last updated on 2025-07-17 17:50:30 CEST.
Flavor | Version | Tinstall | Tcheck | Ttotal | Status | Flags |
---|---|---|---|---|---|---|
r-devel-linux-x86_64-debian-clang | 2.9.0 | 23.12 | 275.10 | 298.22 | NOTE | |
r-devel-linux-x86_64-debian-gcc | 2.9.0 | 15.57 | 184.98 | 200.55 | NOTE | |
r-devel-linux-x86_64-fedora-clang | 2.9.0 | 469.92 | OK | |||
r-devel-linux-x86_64-fedora-gcc | 2.9.0 | 468.62 | OK | |||
r-devel-windows-x86_64 | 2.9.0 | 21.00 | 274.00 | 295.00 | NOTE | |
r-patched-linux-x86_64 | 2.9.0 | 23.88 | 260.60 | 284.48 | NOTE | |
r-release-linux-x86_64 | 2.9.0 | 21.81 | 259.21 | 281.02 | NOTE | |
r-release-macos-arm64 | 2.9.0 | 121.00 | OK | |||
r-release-macos-x86_64 | 2.9.0 | 259.00 | OK | |||
r-release-windows-x86_64 | 2.9.0 | 22.00 | 277.00 | 299.00 | NOTE | |
r-oldrel-macos-arm64 | 2.9.0 | 120.00 | OK | |||
r-oldrel-macos-x86_64 | 2.9.0 | 216.00 | OK | |||
r-oldrel-windows-x86_64 | 2.9.0 | 29.00 | 367.00 | 396.00 | OK |
Version: 2.9.0
Check: Rd cross-references
Result: NOTE
Found the following Rd file(s) with Rd \link{} targets missing package
anchors:
parse_date2.Rd: anytime, anydate
step_box_cox.Rd: selections
step_diff.Rd: step_naomit, selections
step_log_interval.Rd: selections
step_ts_clean.Rd: selections
step_ts_impute.Rd: selections
Please provide package anchors for all Rd \link{} targets not in the
package itself and the base packages.
Flavors: r-devel-linux-x86_64-debian-clang, r-devel-linux-x86_64-debian-gcc, r-devel-windows-x86_64, r-patched-linux-x86_64, r-release-linux-x86_64, r-release-windows-x86_64
These binaries (installable software) and packages are in development.
They may not be fully stable and should be used with caution. We make no claims about them.