Last updated on 2024-07-27 15:50:36 CEST.
Flavor | Version | Tinstall | Tcheck | Ttotal | Status | Flags |
---|---|---|---|---|---|---|
r-devel-linux-x86_64-debian-clang | 1.15.3 | 11.40 | 63.27 | 74.67 | NOTE | |
r-devel-linux-x86_64-debian-gcc | 1.15.3 | NOTE | ||||
r-devel-linux-x86_64-fedora-clang | 1.15.3 | 91.62 | NOTE | |||
r-devel-linux-x86_64-fedora-gcc | 1.15.3 | 90.52 | NOTE | |||
r-devel-windows-x86_64 | 1.15.3 | 10.00 | 153.00 | 163.00 | NOTE | |
r-patched-linux-x86_64 | 1.15.3 | NOTE | ||||
r-release-linux-x86_64 | 1.15.3 | 10.13 | 60.15 | 70.28 | NOTE | |
r-release-macos-arm64 | 1.15.3 | 34.00 | NOTE | |||
r-release-macos-x86_64 | 1.15.3 | 60.00 | NOTE | |||
r-release-windows-x86_64 | 1.15.3 | 11.00 | 87.00 | 98.00 | NOTE | |
r-oldrel-macos-arm64 | 1.15.3 | 34.00 | OK | |||
r-oldrel-macos-x86_64 | 1.15.3 | 66.00 | OK | |||
r-oldrel-windows-x86_64 | 1.15.3 | 13.00 | 80.00 | 93.00 | OK |
Version: 1.15.3
Check: Rd files
Result: NOTE
checkRd: (-1) POSIXst-class.Rd:247: Lost braces
247 | do any conversion on the POSIX{l,c}t objects).
| ^
Flavors: r-devel-linux-x86_64-debian-clang, r-devel-linux-x86_64-debian-gcc, r-devel-linux-x86_64-fedora-clang, r-devel-linux-x86_64-fedora-gcc, r-devel-windows-x86_64, r-patched-linux-x86_64, r-release-linux-x86_64, r-release-macos-arm64, r-release-macos-x86_64, r-release-windows-x86_64
These binaries (installable software) and packages are in development.
They may not be fully stable and should be used with caution. We make no claims about them.