CRAN Package Check Results for Package tinter

Last updated on 2025-11-11 17:50:16 CET.

Flavor Version Tinstall Tcheck Ttotal Status Flags
r-devel-linux-x86_64-debian-clang 0.1.0 2.44 26.37 28.81 OK
r-devel-linux-x86_64-debian-gcc 0.1.0 1.72 21.22 22.94 OK
r-devel-linux-x86_64-fedora-clang 0.1.0 40.39 OK
r-devel-linux-x86_64-fedora-gcc 0.1.0 39.72 OK
r-devel-windows-x86_64 0.1.0 4.00 42.00 46.00 OK
r-patched-linux-x86_64 0.1.0 1.97 23.56 25.53 OK
r-release-linux-x86_64 0.1.0 1.97 23.83 25.80 OK
r-release-macos-arm64 0.1.0 1.00 18.00 19.00 OK
r-release-macos-x86_64 0.1.0 2.00 26.00 28.00 OK
r-release-windows-x86_64 0.1.0 4.00 43.00 47.00 OK
r-oldrel-macos-arm64 0.1.0 1.00 15.00 16.00 NOTE
r-oldrel-macos-x86_64 0.1.0 2.00 22.00 24.00 NOTE
r-oldrel-windows-x86_64 0.1.0 5.00 49.00 54.00 NOTE

Check Details

Version: 0.1.0
Check: LazyData
Result: NOTE 'LazyData' is specified without a 'data' directory Flavors: r-oldrel-macos-arm64, r-oldrel-macos-x86_64, r-oldrel-windows-x86_64

These binaries (installable software) and packages are in development.
They may not be fully stable and should be used with caution. We make no claims about them.