Last updated on 2025-05-01 14:49:25 CEST.
Flavor | Version | Tinstall | Tcheck | Ttotal | Status | Flags |
---|---|---|---|---|---|---|
r-devel-linux-x86_64-debian-clang | 2.4.3 | 35.57 | 308.76 | 344.33 | NOTE | |
r-devel-linux-x86_64-debian-gcc | 2.4.3 | 24.34 | 216.41 | 240.75 | OK | |
r-devel-linux-x86_64-fedora-clang | 2.4.3 | 550.47 | OK | |||
r-devel-linux-x86_64-fedora-gcc | 2.4.3 | 501.67 | OK | |||
r-devel-windows-x86_64 | 2.4.3 | 35.00 | 313.00 | 348.00 | OK | |
r-patched-linux-x86_64 | 2.4.3 | 34.60 | 291.11 | 325.71 | OK | |
r-release-linux-x86_64 | OK | |||||
r-release-macos-arm64 | 2.4.3 | 134.00 | OK | |||
r-release-macos-x86_64 | 2.4.3 | 172.00 | OK | |||
r-release-windows-x86_64 | 2.4.3 | 36.00 | 316.00 | 352.00 | OK | |
r-oldrel-macos-arm64 | 2.4.3 | 96.00 | NOTE | |||
r-oldrel-macos-x86_64 | 2.4.3 | 197.00 | OK | |||
r-oldrel-windows-x86_64 | 2.4.3 | 49.00 | 394.00 | 443.00 | OK |
Version: 2.4.3
Check: examples
Result: NOTE
Examples with CPU (user + system) or elapsed time > 5s
user system elapsed
exp_surv 7.555 0.063 8.843
Flavor: r-devel-linux-x86_64-debian-clang
Version: 2.4.3
Check: examples
Result: NA
user system elapsed
exp_surv 4.644 0.032 5.462
OK
Flavor: r-devel-linux-x86_64-debian-gcc
Version: 2.4.3
Check: package dependencies
Result: NOTE
Packages suggested but not available for checking:
'org.Rn.eg.db', 'org.Mm.eg.db'
Flavor: r-oldrel-macos-arm64
These binaries (installable software) and packages are in development.
They may not be fully stable and should be used with caution. We make no claims about them.