Last updated on 2025-11-13 17:50:51 CET.
| Flavor | Version | Tinstall | Tcheck | Ttotal | Status | Flags |
|---|---|---|---|---|---|---|
| r-devel-linux-x86_64-debian-clang | 2.4.3 | 35.79 | 331.45 | 367.24 | OK | |
| r-devel-linux-x86_64-debian-gcc | 2.4.3 | 24.94 | 230.19 | 255.13 | OK | |
| r-devel-linux-x86_64-fedora-clang | 2.4.3 | 185.00 | 409.11 | 594.11 | OK | |
| r-devel-linux-x86_64-fedora-gcc | 2.4.3 | 56.00 | 344.40 | 400.40 | OK | |
| r-devel-windows-x86_64 | 2.4.3 | 37.00 | 322.00 | 359.00 | OK | |
| r-patched-linux-x86_64 | 2.4.3 | 34.08 | 320.00 | 354.08 | OK | |
| r-release-linux-x86_64 | 2.4.3 | 0.34 | 1.96 | 2.30 | ERROR | |
| r-release-macos-arm64 | 2.4.3 | 16.00 | 118.00 | 134.00 | OK | |
| r-release-macos-x86_64 | 2.4.3 | 29.00 | 143.00 | 172.00 | OK | |
| r-release-windows-x86_64 | 2.4.3 | 39.00 | 325.00 | 364.00 | OK | |
| r-oldrel-macos-arm64 | 2.4.3 | 13.00 | 83.00 | 96.00 | NOTE | |
| r-oldrel-macos-x86_64 | 2.4.3 | 33.00 | 164.00 | 197.00 | OK | |
| r-oldrel-windows-x86_64 | 2.4.3 | 51.00 | 408.00 | 459.00 | OK |
Version: 2.4.3
Check: package dependencies
Result: ERROR
Package required but not available: ‘clusterProfiler’
See section ‘The DESCRIPTION file’ in the ‘Writing R Extensions’
manual.
Flavor: r-release-linux-x86_64
Version: 2.4.3
Check: package dependencies
Result: NOTE
Packages suggested but not available for checking:
'org.Rn.eg.db', 'org.Mm.eg.db'
Flavor: r-oldrel-macos-arm64
These binaries (installable software) and packages are in development.
They may not be fully stable and should be used with caution. We make no claims about them.