Last updated on 2025-10-23 09:51:02 CEST.
| Flavor | Version | Tinstall | Tcheck | Ttotal | Status | Flags |
|---|---|---|---|---|---|---|
| r-devel-linux-x86_64-debian-clang | 2.4.3 | 36.72 | 333.98 | 370.70 | OK | |
| r-devel-linux-x86_64-debian-gcc | 2.4.3 | 25.80 | 231.87 | 257.67 | OK | |
| r-devel-linux-x86_64-fedora-clang | 2.4.3 | 245.00 | 362.23 | 607.23 | OK | |
| r-devel-linux-x86_64-fedora-gcc | 2.4.3 | 174.00 | 397.19 | 571.19 | OK | |
| r-devel-windows-x86_64 | 2.4.3 | 37.00 | 325.00 | 362.00 | OK | |
| r-patched-linux-x86_64 | 2.4.3 | 35.71 | 320.02 | 355.73 | OK | |
| r-release-linux-x86_64 | 2.4.3 | 34.45 | 312.16 | 346.61 | OK | |
| r-release-macos-arm64 | 2.4.3 | 16.00 | 118.00 | 134.00 | OK | |
| r-release-macos-x86_64 | 2.4.3 | 29.00 | 143.00 | 172.00 | OK | |
| r-release-windows-x86_64 | 2.4.3 | 38.00 | 320.00 | 358.00 | OK | |
| r-oldrel-macos-arm64 | 2.4.3 | 13.00 | 83.00 | 96.00 | NOTE | |
| r-oldrel-macos-x86_64 | 2.4.3 | 33.00 | 164.00 | 197.00 | OK | |
| r-oldrel-windows-x86_64 | 2.4.3 | 52.00 | 425.00 | 477.00 | OK |
Version: 2.4.3
Check: package dependencies
Result: NOTE
Packages suggested but not available for checking:
'org.Rn.eg.db', 'org.Mm.eg.db'
Flavor: r-oldrel-macos-arm64
These binaries (installable software) and packages are in development.
They may not be fully stable and should be used with caution. We make no claims about them.