CRAN Package Check Results for Package tinylens

Last updated on 2025-05-21 23:48:59 CEST.

Flavor Version Tinstall Tcheck Ttotal Status Flags
r-devel-linux-x86_64-debian-clang 0.1.0 2.44 29.06 31.50 NOTE
r-devel-linux-x86_64-debian-gcc 0.1.0 1.96 22.68 24.64 NOTE
r-devel-linux-x86_64-fedora-clang 0.1.0 48.91 NOTE
r-devel-linux-x86_64-fedora-gcc 0.1.0 45.90 NOTE
r-devel-windows-x86_64 0.1.0 4.00 58.00 62.00 NOTE
r-patched-linux-x86_64 0.1.0 2.95 26.73 29.68 NOTE
r-release-linux-x86_64 0.1.0 2.49 26.88 29.37 NOTE
r-release-macos-arm64 0.1.0 25.00 NOTE
r-release-macos-x86_64 0.1.0 42.00 NOTE
r-release-windows-x86_64 0.1.0 4.00 62.00 66.00 NOTE
r-oldrel-macos-arm64 0.1.0 23.00 OK
r-oldrel-macos-x86_64 0.1.0 39.00 OK
r-oldrel-windows-x86_64 0.1.0 5.00 55.00 60.00 OK

Check Details

Version: 0.1.0
Check: DESCRIPTION meta-information
Result: NOTE Missing dependency on R >= 4.1.0 because package code uses the pipe |> or function shorthand \(...) syntax added in R 4.1.0. File(s) using such syntax: ‘base-lenses.R’ ‘where_il.Rd’ Flavors: r-devel-linux-x86_64-debian-clang, r-devel-linux-x86_64-debian-gcc, r-devel-linux-x86_64-fedora-clang, r-devel-linux-x86_64-fedora-gcc, r-devel-windows-x86_64, r-patched-linux-x86_64, r-release-linux-x86_64, r-release-macos-arm64, r-release-macos-x86_64, r-release-windows-x86_64

These binaries (installable software) and packages are in development.
They may not be fully stable and should be used with caution. We make no claims about them.