Last updated on 2025-02-16 08:51:04 CET.
Flavor | Version | Tinstall | Tcheck | Ttotal | Status | Flags |
---|---|---|---|---|---|---|
r-devel-linux-x86_64-debian-clang | 0.1.0 | 5.52 | 137.77 | 143.29 | NOTE | |
r-devel-linux-x86_64-debian-gcc | 0.1.0 | 3.92 | 90.29 | 94.21 | NOTE | |
r-devel-linux-x86_64-fedora-clang | 0.1.0 | 242.58 | NOTE | |||
r-devel-linux-x86_64-fedora-gcc | 0.1.0 | 288.85 | NOTE | |||
r-devel-macos-arm64 | 0.1.0 | 90.00 | NOTE | |||
r-devel-macos-x86_64 | 0.1.0 | 183.00 | NOTE | |||
r-devel-windows-x86_64 | 0.1.0 | 8.00 | 146.00 | 154.00 | NOTE | |
r-patched-linux-x86_64 | 0.1.0 | 5.68 | 123.80 | 129.48 | NOTE | |
r-release-linux-x86_64 | 0.1.0 | 5.94 | 129.11 | 135.05 | NOTE | |
r-release-macos-arm64 | 0.1.0 | 81.00 | NOTE | |||
r-release-macos-x86_64 | 0.1.0 | 139.00 | NOTE | |||
r-release-windows-x86_64 | 0.1.0 | 8.00 | 139.00 | 147.00 | NOTE | |
r-oldrel-macos-arm64 | 0.1.0 | 89.00 | OK | |||
r-oldrel-macos-x86_64 | 0.1.0 | 139.00 | OK | |||
r-oldrel-windows-x86_64 | 0.1.0 | 10.00 | 161.00 | 171.00 | OK |
Version: 0.1.0
Check: Rd files
Result: NOTE
checkRd: (-1) partition_undirected_graph.Rd:20: Lost braces; missing escapes or markup?
20 | \item{cutoff}{Numeric. The value max(0, g_{i,j} - cutoff) so that there are <\code{.num_components}> components in the graph.}
| ^
Flavors: r-devel-linux-x86_64-debian-clang, r-devel-linux-x86_64-debian-gcc, r-devel-linux-x86_64-fedora-clang, r-devel-linux-x86_64-fedora-gcc, r-devel-macos-arm64, r-devel-macos-x86_64, r-devel-windows-x86_64, r-patched-linux-x86_64, r-release-linux-x86_64, r-release-macos-arm64, r-release-macos-x86_64, r-release-windows-x86_64
These binaries (installable software) and packages are in development.
They may not be fully stable and should be used with caution. We make no claims about them.