Last updated on 2025-11-12 18:50:49 CET.
| Flavor | Version | Tinstall | Tcheck | Ttotal | Status | Flags |
|---|---|---|---|---|---|---|
| r-devel-linux-x86_64-debian-clang | 0.1.0 | 2.14 | 27.20 | 29.34 | OK | |
| r-devel-linux-x86_64-debian-gcc | 0.1.0 | 1.78 | 22.35 | 24.13 | OK | |
| r-devel-linux-x86_64-fedora-clang | 0.1.0 | 43.15 | OK | |||
| r-devel-linux-x86_64-fedora-gcc | 0.1.0 | 40.20 | OK | |||
| r-devel-windows-x86_64 | 0.1.0 | 5.00 | 48.00 | 53.00 | OK | |
| r-patched-linux-x86_64 | 0.1.0 | 2.35 | 24.96 | 27.31 | OK | |
| r-release-linux-x86_64 | 0.1.0 | 2.75 | 25.09 | 27.84 | OK | |
| r-release-macos-arm64 | 0.1.0 | 2.00 | 21.00 | 23.00 | OK | |
| r-release-macos-x86_64 | 0.1.0 | 2.00 | 28.00 | 30.00 | OK | |
| r-release-windows-x86_64 | 0.1.0 | 5.00 | 49.00 | 54.00 | OK | |
| r-oldrel-macos-arm64 | 0.1.0 | 1.00 | 18.00 | 19.00 | NOTE | |
| r-oldrel-macos-x86_64 | 0.1.0 | 2.00 | 27.00 | 29.00 | NOTE | |
| r-oldrel-windows-x86_64 | 0.1.0 | 5.00 | 53.00 | 58.00 | NOTE |
Version: 0.1.0
Check: LazyData
Result: NOTE
'LazyData' is specified without a 'data' directory
Flavors: r-oldrel-macos-arm64, r-oldrel-macos-x86_64, r-oldrel-windows-x86_64
These binaries (installable software) and packages are in development.
They may not be fully stable and should be used with caution. We make no claims about them.