Last updated on 2025-05-08 04:52:21 CEST.
Flavor | Version | Tinstall | Tcheck | Ttotal | Status | Flags |
---|---|---|---|---|---|---|
r-devel-linux-x86_64-debian-clang | 0.1.0 | 2.24 | 25.35 | 27.59 | OK | |
r-devel-linux-x86_64-debian-gcc | 0.1.0 | 1.85 | 20.49 | 22.34 | OK | |
r-devel-linux-x86_64-fedora-clang | 0.1.0 | 41.51 | OK | |||
r-devel-linux-x86_64-fedora-gcc | 0.1.0 | 38.83 | OK | |||
r-devel-windows-x86_64 | 0.1.0 | 5.00 | 125.00 | 130.00 | OK | |
r-patched-linux-x86_64 | 0.1.0 | 2.63 | 23.16 | 25.79 | OK | |
r-release-linux-x86_64 | 0.1.0 | 2.56 | 23.18 | 25.74 | OK | |
r-release-macos-arm64 | 0.1.0 | 23.00 | OK | |||
r-release-macos-x86_64 | 0.1.0 | 30.00 | OK | |||
r-release-windows-x86_64 | 0.1.0 | 5.00 | 53.00 | 58.00 | OK | |
r-oldrel-macos-arm64 | 0.1.0 | 19.00 | NOTE | |||
r-oldrel-macos-x86_64 | 0.1.0 | 29.00 | NOTE | |||
r-oldrel-windows-x86_64 | 0.1.0 | 5.00 | 53.00 | 58.00 | NOTE |
Version: 0.1.0
Check: LazyData
Result: NOTE
'LazyData' is specified without a 'data' directory
Flavors: r-oldrel-macos-arm64, r-oldrel-macos-x86_64, r-oldrel-windows-x86_64
These binaries (installable software) and packages are in development.
They may not be fully stable and should be used with caution. We make no claims about them.