CRAN Package Check Results for Package tippy

Last updated on 2025-10-23 17:51:07 CEST.

Flavor Version Tinstall Tcheck Ttotal Status Flags
r-devel-linux-x86_64-debian-clang 0.1.0 2.53 27.31 29.84 NOTE
r-devel-linux-x86_64-debian-gcc 0.1.0 1.87 22.23 24.10 OK
r-devel-linux-x86_64-fedora-clang 0.1.0 12.00 31.86 43.86 OK
r-devel-linux-x86_64-fedora-gcc 0.1.0 39.34 OK
r-devel-windows-x86_64 0.1.0 4.00 55.00 59.00 OK
r-patched-linux-x86_64 0.1.0 2.01 24.61 26.62 OK
r-release-linux-x86_64 0.1.0 1.51 25.10 26.61 OK
r-release-macos-arm64 0.1.0 2.00 21.00 23.00 OK
r-release-macos-x86_64 0.1.0 2.00 28.00 30.00 OK
r-release-windows-x86_64 0.1.0 5.00 51.00 56.00 OK
r-oldrel-macos-arm64 0.1.0 1.00 18.00 19.00 NOTE
r-oldrel-macos-x86_64 0.1.0 2.00 27.00 29.00 NOTE
r-oldrel-windows-x86_64 0.1.0 5.00 55.00 60.00 NOTE

Check Details

Version: 0.1.0
Check: HTML version of manual
Result: NOTE Found the following HTML validation problems: tippy-shiny.html:68:1 (tippy-shiny.Rd:25): Warning: missing </ul> before </div> Flavor: r-devel-linux-x86_64-debian-clang

Version: 0.1.0
Check: LazyData
Result: NOTE 'LazyData' is specified without a 'data' directory Flavors: r-oldrel-macos-arm64, r-oldrel-macos-x86_64, r-oldrel-windows-x86_64

These binaries (installable software) and packages are in development.
They may not be fully stable and should be used with caution. We make no claims about them.