Last updated on 2025-11-11 15:50:50 CET.
| Flavor | Version | Tinstall | Tcheck | Ttotal | Status | Flags |
|---|---|---|---|---|---|---|
| r-devel-linux-x86_64-debian-clang | 1.0.3 | 268.41 | 175.04 | 443.45 | OK | |
| r-devel-linux-x86_64-debian-gcc | 1.0.3 | 182.68 | 137.64 | 320.32 | OK | |
| r-devel-linux-x86_64-fedora-clang | 1.0.3 | 534.00 | 63.25 | 597.25 | NOTE | |
| r-devel-linux-x86_64-fedora-gcc | 1.0.3 | 720.00 | 80.32 | 800.32 | NOTE | |
| r-devel-windows-x86_64 | 1.0.3 | 234.00 | 205.00 | 439.00 | OK | |
| r-patched-linux-x86_64 | 1.0.3 | 234.57 | 182.67 | 417.24 | OK | |
| r-release-linux-x86_64 | 1.0.3 | 247.65 | 184.11 | 431.76 | OK | |
| r-release-macos-arm64 | 1.0.3 | 174.00 | 67.00 | 241.00 | OK | |
| r-release-macos-x86_64 | 1.0.3 | 259.00 | 121.00 | 380.00 | OK | |
| r-release-windows-x86_64 | 1.0.3 | 227.00 | 204.00 | 431.00 | OK | |
| r-oldrel-macos-arm64 | 1.0.3 | 86.00 | 45.00 | 131.00 | NOTE | |
| r-oldrel-macos-x86_64 | 1.0.3 | 127.00 | 79.00 | 206.00 | NOTE | |
| r-oldrel-windows-x86_64 | 1.0.3 | 284.00 | 251.00 | 535.00 | NOTE |
Version: 1.0.3
Check: dependencies in R code
Result: NOTE
Namespace in Imports field not imported from: ‘sp’
All declared Imports should be used.
Flavors: r-devel-linux-x86_64-fedora-clang, r-devel-linux-x86_64-fedora-gcc
Version: 1.0.3
Check: installed package size
Result: NOTE
installed size is 95.8Mb
sub-directories of 1Mb or more:
doc 1.9Mb
libs 91.9Mb
Flavors: r-oldrel-macos-arm64, r-oldrel-macos-x86_64, r-oldrel-windows-x86_64
Version: 1.0.3
Check: for GNU extensions in Makefiles
Result: NOTE
GNU make is a SystemRequirements.
Flavors: r-oldrel-macos-arm64, r-oldrel-macos-x86_64, r-oldrel-windows-x86_64
These binaries (installable software) and packages are in development.
They may not be fully stable and should be used with caution. We make no claims about them.