Last updated on 2024-07-27 15:50:36 CEST.
Flavor | Version | Tinstall | Tcheck | Ttotal | Status | Flags |
---|---|---|---|---|---|---|
r-devel-linux-x86_64-debian-clang | 1.0.1 | 332.56 | 206.27 | 538.83 | NOTE | |
r-devel-linux-x86_64-debian-gcc | 1.0.1 | NOTE | ||||
r-devel-linux-x86_64-fedora-clang | 1.0.1 | 686.27 | NOTE | |||
r-devel-linux-x86_64-fedora-gcc | 1.0.1 | 795.89 | NOTE | |||
r-devel-windows-x86_64 | 1.0.1 | 228.00 | 196.00 | 424.00 | NOTE | |
r-patched-linux-x86_64 | 1.0.1 | NOTE | ||||
r-release-linux-x86_64 | 1.0.1 | 247.34 | 217.13 | 464.47 | NOTE | |
r-release-macos-arm64 | 1.0.1 | 132.00 | NOTE | |||
r-release-macos-x86_64 | 1.0.1 | 270.00 | NOTE | |||
r-release-windows-x86_64 | 1.0.1 | 235.00 | 194.00 | 429.00 | NOTE | |
r-oldrel-macos-arm64 | 1.0.1 | 150.00 | NOTE | |||
r-oldrel-macos-x86_64 | 1.0.1 | 193.00 | NOTE | |||
r-oldrel-windows-x86_64 | 1.0.1 | 275.00 | 228.00 | 503.00 | NOTE |
Version: 1.0.1
Check: for GNU extensions in Makefiles
Result: NOTE
GNU make is a SystemRequirements.
Flavors: r-devel-linux-x86_64-debian-clang, r-devel-linux-x86_64-debian-gcc, r-devel-linux-x86_64-fedora-clang, r-devel-linux-x86_64-fedora-gcc, r-devel-windows-x86_64, r-patched-linux-x86_64, r-release-linux-x86_64, r-release-macos-arm64, r-release-macos-x86_64, r-release-windows-x86_64, r-oldrel-macos-arm64, r-oldrel-macos-x86_64, r-oldrel-windows-x86_64
Version: 1.0.1
Check: installed package size
Result: NOTE
installed size is 8.2Mb
sub-directories of 1Mb or more:
doc 1.9Mb
libs 4.2Mb
Flavors: r-devel-linux-x86_64-fedora-clang, r-devel-windows-x86_64, r-release-macos-arm64, r-release-macos-x86_64, r-release-windows-x86_64, r-oldrel-macos-arm64, r-oldrel-macos-x86_64, r-oldrel-windows-x86_64
Version: 1.0.1
Check: dependencies in R code
Result: NOTE
Namespace in Imports field not imported from: ‘sp’
All declared Imports should be used.
Flavors: r-devel-linux-x86_64-fedora-clang, r-devel-linux-x86_64-fedora-gcc
Version: 1.0.1
Check: data for non-ASCII characters
Result: NOTE
Note: found 1 marked UTF-8 string
Flavors: r-devel-linux-x86_64-fedora-clang, r-devel-linux-x86_64-fedora-gcc
These binaries (installable software) and packages are in development.
They may not be fully stable and should be used with caution. We make no claims about them.