Last updated on 2025-02-02 16:49:23 CET.
Flavor | Version | Tinstall | Tcheck | Ttotal | Status | Flags |
---|---|---|---|---|---|---|
r-devel-linux-x86_64-debian-clang | 1.39 | 9.04 | 53.31 | 62.35 | NOTE | |
r-devel-linux-x86_64-debian-gcc | 1.39 | 5.56 | 35.24 | 40.80 | NOTE | |
r-devel-linux-x86_64-fedora-clang | 1.39 | 105.61 | NOTE | |||
r-devel-linux-x86_64-fedora-gcc | 1.39 | 95.16 | NOTE | |||
r-devel-windows-x86_64 | 1.39 | 12.00 | 97.00 | 109.00 | NOTE | |
r-patched-linux-x86_64 | 1.39 | 12.19 | 50.16 | 62.35 | NOTE | |
r-release-linux-x86_64 | 1.39 | 8.79 | 49.36 | 58.15 | NOTE | |
r-release-macos-arm64 | 1.39 | 34.00 | NOTE | |||
r-release-macos-x86_64 | 1.39 | 70.00 | NOTE | |||
r-release-windows-x86_64 | 1.39 | 13.00 | 82.00 | 95.00 | NOTE | |
r-oldrel-macos-arm64 | 1.39 | 29.00 | OK | |||
r-oldrel-macos-x86_64 | 1.39 | 47.00 | OK | |||
r-oldrel-windows-x86_64 | 1.39 | 14.00 | 94.00 | 108.00 | OK |
Version: 1.39
Check: Rd files
Result: NOTE
checkRd: (-1) tierChart.Rd:332: Lost braces
332 | If the input argument code{boxes} is \code{F}, the \code{lBox},
| ^
Flavors: r-devel-linux-x86_64-debian-clang, r-devel-linux-x86_64-debian-gcc, r-devel-linux-x86_64-fedora-clang, r-devel-linux-x86_64-fedora-gcc, r-devel-windows-x86_64, r-patched-linux-x86_64, r-release-linux-x86_64, r-release-macos-arm64, r-release-macos-x86_64, r-release-windows-x86_64
These binaries (installable software) and packages are in development.
They may not be fully stable and should be used with caution. We make no claims about them.