Last updated on 2025-11-14 09:50:18 CET.
| Flavor | Version | Tinstall | Tcheck | Ttotal | Status | Flags |
|---|---|---|---|---|---|---|
| r-devel-linux-x86_64-debian-clang | 1.0.1 | 39.98 | 97.37 | 137.35 | NOTE | |
| r-devel-linux-x86_64-debian-gcc | 1.0.1 | 27.20 | 70.71 | 97.91 | NOTE | |
| r-devel-linux-x86_64-fedora-clang | 1.0.1 | 59.00 | 159.82 | 218.82 | OK | |
| r-devel-linux-x86_64-fedora-gcc | 1.0.1 | 79.00 | 158.92 | 237.92 | OK | |
| r-devel-windows-x86_64 | 1.0.1 | 44.00 | 126.00 | 170.00 | OK | |
| r-patched-linux-x86_64 | 1.0.1 | 37.57 | 97.16 | 134.73 | OK | |
| r-release-linux-x86_64 | 1.0.1 | 39.56 | 97.01 | 136.57 | OK | |
| r-release-macos-arm64 | 1.0.1 | 12.00 | 61.00 | 73.00 | OK | |
| r-release-macos-x86_64 | 1.0.1 | 23.00 | 95.00 | 118.00 | OK | |
| r-release-windows-x86_64 | 1.0.1 | 44.00 | 135.00 | 179.00 | OK | |
| r-oldrel-macos-arm64 | 1.0.1 | 12.00 | 53.00 | 65.00 | NOTE | |
| r-oldrel-macos-x86_64 | 1.0.1 | 16.00 | 83.00 | 99.00 | NOTE | |
| r-oldrel-windows-x86_64 | 1.0.1 | 53.00 | 162.00 | 215.00 | OK |
Version: 1.0.1
Check: CRAN incoming feasibility
Result: NOTE
Maintainer: ‘Jasin Machkour <jasin.machkour@tu-darmstadt.de>’
The Description field contains
Machkour, Muma, and Palomar (2022) <arXiv:2110.06048>, Efron, Hastie,
Please refer to arXiv e-prints via their arXiv DOI <doi:10.48550/arXiv.YYMM.NNNNN>.
Flavors: r-devel-linux-x86_64-debian-clang, r-devel-linux-x86_64-debian-gcc
Version: 1.0.1
Check: installed package size
Result: NOTE
installed size is 7.3Mb
sub-directories of 1Mb or more:
doc 2.2Mb
libs 4.7Mb
Flavors: r-oldrel-macos-arm64, r-oldrel-macos-x86_64
These binaries (installable software) and packages are in development.
They may not be fully stable and should be used with caution. We make no claims about them.