Last updated on 2025-10-27 11:50:35 CET.
| Flavor | Version | Tinstall | Tcheck | Ttotal | Status | Flags |
|---|---|---|---|---|---|---|
| r-devel-linux-x86_64-debian-clang | 0.1.0 | 4.06 | 97.22 | 101.28 | NOTE | |
| r-devel-linux-x86_64-debian-gcc | 0.1.0 | 2.89 | 66.52 | 69.41 | NOTE | |
| r-devel-linux-x86_64-fedora-clang | 0.1.0 | 152.89 | OK | |||
| r-devel-linux-x86_64-fedora-gcc | 0.1.0 | 177.99 | OK | |||
| r-devel-windows-x86_64 | 0.1.0 | 5.00 | 121.00 | 126.00 | OK | |
| r-patched-linux-x86_64 | 0.1.0 | 4.99 | 94.58 | 99.57 | OK | |
| r-release-linux-x86_64 | 0.1.0 | 3.89 | 94.68 | 98.57 | OK | |
| r-release-macos-arm64 | 0.1.0 | 2.00 | 54.00 | 56.00 | OK | |
| r-release-macos-x86_64 | 0.1.0 | 4.00 | 106.00 | 110.00 | OK | |
| r-release-windows-x86_64 | 0.1.0 | 5.00 | 131.00 | 136.00 | OK | |
| r-oldrel-macos-arm64 | 0.1.0 | 3.00 | 55.00 | 58.00 | OK | |
| r-oldrel-macos-x86_64 | 0.1.0 | 5.00 | 122.00 | 127.00 | OK | |
| r-oldrel-windows-x86_64 | 0.1.0 | 8.00 | 164.00 | 172.00 | OK |
Version: 0.1.0
Check: DESCRIPTION meta-information
Result: NOTE
Author field differs from that derived from Authors@R
Author: ‘Lukas Soenning [aut, cre, cph] (<https://orcid.org/0000-0002-2705-395X>), German Research Foundation (DFG) [fnd] (018mejw64, Grant number 548274092)’
Authors@R: ‘Lukas Soenning [aut, cre, cph] (ORCID: <https://orcid.org/0000-0002-2705-395X>), German Research Foundation (DFG) [fnd] (ROR: <https://ror.org/018mejw64>, Grant number 548274092)’
Flavors: r-devel-linux-x86_64-debian-clang, r-devel-linux-x86_64-debian-gcc
These binaries (installable software) and packages are in development.
They may not be fully stable and should be used with caution. We make no claims about them.