CRAN Package Check Results for Package tlrmvnmvt

Last updated on 2025-11-12 23:51:02 CET.

Flavor Version Tinstall Tcheck Ttotal Status Flags
r-devel-linux-x86_64-debian-clang 1.1.2 127.05 36.23 163.28 NOTE
r-devel-linux-x86_64-debian-gcc 1.1.2 81.95 31.24 113.19 NOTE
r-devel-linux-x86_64-fedora-clang 1.1.2 231.00 112.99 343.99 NOTE
r-devel-linux-x86_64-fedora-gcc 1.1.2 200.00 85.03 285.03 NOTE
r-devel-windows-x86_64 1.1.2 146.00 71.00 217.00 NOTE
r-patched-linux-x86_64 1.1.2 122.15 37.94 160.09 NOTE
r-release-linux-x86_64 1.1.2 124.04 37.90 161.94 NOTE
r-release-macos-arm64 1.1.2 54.00 22.00 76.00 NOTE
r-release-macos-x86_64 1.1.2 48.00 35.00 83.00 NOTE
r-release-windows-x86_64 1.1.2 144.00 77.00 221.00 NOTE
r-oldrel-macos-arm64 1.1.2 47.00 24.00 71.00 NOTE
r-oldrel-macos-x86_64 1.1.2 43.00 32.00 75.00 NOTE
r-oldrel-windows-x86_64 1.1.2 171.00 91.00 262.00 NOTE

Check Details

Version: 1.1.2
Check: C++ specification
Result: NOTE Specified C++14: please drop specification unless essential Flavors: r-devel-linux-x86_64-debian-clang, r-devel-linux-x86_64-debian-gcc, r-devel-linux-x86_64-fedora-clang, r-devel-linux-x86_64-fedora-gcc, r-devel-windows-x86_64, r-patched-linux-x86_64, r-release-linux-x86_64, r-release-macos-arm64, r-release-macos-x86_64, r-release-windows-x86_64, r-oldrel-macos-arm64, r-oldrel-macos-x86_64, r-oldrel-windows-x86_64

Version: 1.1.2
Check: Rd files
Result: NOTE checkRd: (-1) pmvn.Rd:21: Lost braces in \itemize; meant \describe ? checkRd: (-1) pmvn.Rd:22: Lost braces in \itemize; meant \describe ? checkRd: (-1) pmvn.Rd:23: Lost braces in \itemize; meant \describe ? checkRd: (-1) pmvt.Rd:23: Lost braces in \itemize; meant \describe ? checkRd: (-1) pmvt.Rd:24: Lost braces in \itemize; meant \describe ? checkRd: (-1) pmvt.Rd:25: Lost braces in \itemize; meant \describe ? Flavors: r-devel-linux-x86_64-debian-clang, r-devel-linux-x86_64-debian-gcc, r-devel-linux-x86_64-fedora-clang, r-devel-linux-x86_64-fedora-gcc, r-devel-windows-x86_64, r-patched-linux-x86_64, r-release-linux-x86_64, r-release-macos-arm64, r-release-macos-x86_64, r-release-windows-x86_64, r-oldrel-macos-arm64, r-oldrel-macos-x86_64, r-oldrel-windows-x86_64

Version: 1.1.2
Check: installed package size
Result: NOTE installed size is 11.9Mb sub-directories of 1Mb or more: libs 11.8Mb Flavors: r-oldrel-macos-arm64, r-oldrel-macos-x86_64

These binaries (installable software) and packages are in development.
They may not be fully stable and should be used with caution. We make no claims about them.