Last updated on 2025-11-11 15:50:50 CET.
| Flavor | Version | Tinstall | Tcheck | Ttotal | Status | Flags |
|---|---|---|---|---|---|---|
| r-devel-linux-x86_64-debian-clang | 0.7-16 | 20.07 | 66.14 | 86.21 | OK | |
| r-devel-linux-x86_64-debian-gcc | 0.7-16 | 14.36 | 48.72 | 63.08 | OK | |
| r-devel-linux-x86_64-fedora-clang | 0.7-16 | 58.00 | 81.87 | 139.87 | OK | |
| r-devel-linux-x86_64-fedora-gcc | 0.7-16 | 37.00 | 106.48 | 143.48 | OK | |
| r-devel-windows-x86_64 | 0.7-16 | 30.00 | 127.00 | 157.00 | OK | |
| r-patched-linux-x86_64 | 0.7-16 | 19.21 | 63.21 | 82.42 | OK | |
| r-release-linux-x86_64 | 0.7-16 | 19.13 | 62.27 | 81.40 | OK | |
| r-release-macos-arm64 | 0.7-16 | 11.00 | 46.00 | 57.00 | OK | |
| r-release-macos-x86_64 | 0.7-16 | 17.00 | 74.00 | 91.00 | OK | |
| r-release-windows-x86_64 | 0.7-16 | 27.00 | 128.00 | 155.00 | OK | |
| r-oldrel-macos-arm64 | 0.7-16 | 10.00 | 69.00 | 79.00 | NOTE | |
| r-oldrel-macos-x86_64 | 0.7-16 | 19.00 | 128.00 | 147.00 | NOTE | |
| r-oldrel-windows-x86_64 | 0.7-16 | 36.00 | 142.00 | 178.00 | NOTE |
Version: 0.7-16
Check: package dependencies
Result: NOTE
Packages suggested but not available for checking:
'Rcampdf', 'tm.lexicon.GeneralInquirer'
Flavors: r-oldrel-macos-arm64, r-oldrel-macos-x86_64, r-oldrel-windows-x86_64
These binaries (installable software) and packages are in development.
They may not be fully stable and should be used with caution. We make no claims about them.