Last updated on 2025-02-19 17:51:07 CET.
Flavor | Version | Tinstall | Tcheck | Ttotal | Status | Flags |
---|---|---|---|---|---|---|
r-devel-linux-x86_64-debian-clang | 0.7-15 | 19.65 | 60.63 | 80.28 | OK | |
r-devel-linux-x86_64-debian-gcc | 0.7-15 | 14.71 | 44.48 | 59.19 | OK | |
r-devel-linux-x86_64-fedora-clang | 0.7-16 | 138.35 | OK | |||
r-devel-linux-x86_64-fedora-gcc | 0.7-16 | 154.65 | OK | |||
r-devel-macos-arm64 | 0.7-15 | 47.00 | OK | |||
r-devel-macos-x86_64 | 0.7-16 | 163.00 | OK | |||
r-devel-windows-x86_64 | 0.7-15 | 26.00 | 134.00 | 160.00 | OK | |
r-patched-linux-x86_64 | 0.7-15 | 21.81 | 57.17 | 78.98 | NOTE | |
r-release-linux-x86_64 | 0.7-15 | 19.54 | 56.92 | 76.46 | NOTE | |
r-release-macos-arm64 | 0.7-15 | 50.00 | NOTE | |||
r-release-macos-x86_64 | 0.7-16 | 147.00 | NOTE | |||
r-release-windows-x86_64 | 0.7-15 | 26.00 | 134.00 | 160.00 | NOTE | |
r-oldrel-macos-arm64 | 0.7-15 | 74.00 | NOTE | |||
r-oldrel-macos-x86_64 | 0.7-16 | 164.00 | NOTE | |||
r-oldrel-windows-x86_64 | 0.7-15 | 32.00 | 137.00 | 169.00 | NOTE |
Version: 0.7-15
Check: package dependencies
Result: NOTE
Packages suggested but not available for checking:
'Rcampdf', 'tm.lexicon.GeneralInquirer'
Flavors: r-patched-linux-x86_64, r-release-linux-x86_64, r-release-macos-arm64, r-release-windows-x86_64, r-oldrel-macos-arm64
Version: 0.7-16
Check: package dependencies
Result: NOTE
Packages suggested but not available for checking:
'Rcampdf', 'tm.lexicon.GeneralInquirer'
Flavors: r-release-macos-x86_64, r-oldrel-macos-x86_64
Version: 0.7-15
Check: package dependencies
Result: NOTE
Packages suggested but not available for checking:
'Rcampdf', 'Rpoppler', 'tm.lexicon.GeneralInquirer'
Flavor: r-oldrel-windows-x86_64
These binaries (installable software) and packages are in development.
They may not be fully stable and should be used with caution. We make no claims about them.