CRAN Package Check Results for Package tm.plugin.dc

Last updated on 2025-11-13 05:51:10 CET.

Flavor Version Tinstall Tcheck Ttotal Status Flags
r-devel-linux-x86_64-debian-clang 0.2-10 3.39 31.08 34.47 NOTE
r-devel-linux-x86_64-debian-gcc 0.2-10 2.05 23.76 25.81 NOTE
r-devel-linux-x86_64-fedora-clang 0.2-10 14.00 39.31 53.31 OK
r-devel-linux-x86_64-fedora-gcc 0.2-10 48.94 OK
r-devel-windows-x86_64 0.2-10 4.00 47.00 51.00 OK
r-patched-linux-x86_64 0.2-10 3.21 29.17 32.38 OK
r-release-linux-x86_64 0.2-10 3.12 29.61 32.73 OK
r-release-macos-arm64 0.2-10 2.00 18.00 20.00 OK
r-release-macos-x86_64 0.2-10 3.00 31.00 34.00 OK
r-release-windows-x86_64 0.2-10 4.00 46.00 50.00 OK
r-oldrel-macos-arm64 0.2-10 2.00 17.00 19.00 OK
r-oldrel-macos-x86_64 0.2-10 3.00 24.00 27.00 OK
r-oldrel-windows-x86_64 0.2-10 6.00 55.00 61.00 OK

Check Details

Version: 0.2-10
Check: CRAN incoming feasibility
Result: NOTE Maintainer: ‘Stefan Theussl <Stefan.Theussl@R-project.org>’ Package CITATION file contains call(s) to old-style personList() or as.personList(). Please use c() on person objects instead. Package CITATION file contains call(s) to old-style citEntry(). Please use bibentry() instead. Flavors: r-devel-linux-x86_64-debian-clang, r-devel-linux-x86_64-debian-gcc

These binaries (installable software) and packages are in development.
They may not be fully stable and should be used with caution. We make no claims about them.