CRAN Package Check Results for Package tm1r

Last updated on 2025-02-16 08:51:04 CET.

Flavor Version Tinstall Tcheck Ttotal Status Flags
r-devel-linux-x86_64-debian-clang 1.1.8 2.71 23.31 26.02 OK
r-devel-linux-x86_64-debian-gcc 1.1.8 2.06 16.72 18.78 OK
r-devel-linux-x86_64-fedora-clang 1.1.8 42.72 OK
r-devel-linux-x86_64-fedora-gcc 1.1.8 38.22 OK
r-devel-macos-arm64 1.1.8 18.00 OK
r-devel-macos-x86_64 1.1.8 30.00 OK
r-devel-windows-x86_64 1.1.8 5.00 55.00 60.00 OK
r-patched-linux-x86_64 1.1.8 3.37 21.37 24.74 NOTE
r-release-linux-x86_64 1.1.8 2.78 21.64 24.42 NOTE
r-release-macos-arm64 1.1.8 16.00 NOTE
r-release-macos-x86_64 1.1.8 23.00 NOTE
r-release-windows-x86_64 1.1.8 5.00 48.00 53.00 NOTE
r-oldrel-macos-arm64 1.1.8 17.00 NOTE
r-oldrel-macos-x86_64 1.1.8 25.00 NOTE
r-oldrel-windows-x86_64 1.1.8 5.00 55.00 60.00 NOTE

Check Details

Version: 1.1.8
Check: LazyData
Result: NOTE 'LazyData' is specified without a 'data' directory Flavors: r-patched-linux-x86_64, r-release-linux-x86_64, r-release-macos-arm64, r-release-macos-x86_64, r-release-windows-x86_64, r-oldrel-macos-arm64, r-oldrel-macos-x86_64, r-oldrel-windows-x86_64

These binaries (installable software) and packages are in development.
They may not be fully stable and should be used with caution. We make no claims about them.