CRAN Package Check Results for Package tmap

Last updated on 2025-07-26 01:51:07 CEST.

Flavor Version Tinstall Tcheck Ttotal Status Flags
r-devel-linux-x86_64-debian-clang 4.1 55.60 424.97 480.57 OK
r-devel-linux-x86_64-debian-gcc 4.1 37.48 268.65 306.13 OK
r-devel-linux-x86_64-fedora-clang 4.1 618.15 OK
r-devel-linux-x86_64-fedora-gcc 4.1 612.50 OK
r-devel-windows-x86_64 4.1 60.00 354.00 414.00 OK
r-patched-linux-x86_64 4.1 56.28 406.66 462.94 OK
r-release-linux-x86_64 4.1 52.50 404.41 456.91 OK
r-release-macos-arm64 4.1 176.00 OK
r-release-macos-x86_64 4.1 451.00 OK
r-release-windows-x86_64 4.1 57.00 351.00 408.00 OK
r-oldrel-macos-arm64 4.1 185.00 NOTE
r-oldrel-macos-x86_64 4.1 314.00 NOTE
r-oldrel-windows-x86_64 4.1 77.00 478.00 555.00 OK

Check Details

Version: 4.1
Check: installed package size
Result: NOTE installed size is 5.0Mb sub-directories of 1Mb or more: R 2.1Mb data 2.0Mb Flavors: r-oldrel-macos-arm64, r-oldrel-macos-x86_64

These binaries (installable software) and packages are in development.
They may not be fully stable and should be used with caution. We make no claims about them.