Last updated on 2025-10-23 17:51:07 CEST.
Flavor | Version | Tinstall | Tcheck | Ttotal | Status | Flags |
---|---|---|---|---|---|---|
r-devel-linux-x86_64-debian-clang | 0.1.0 | 23.86 | 149.95 | 173.81 | OK | |
r-devel-linux-x86_64-debian-gcc | 0.1.0 | 16.03 | 102.65 | 118.68 | OK | |
r-devel-linux-x86_64-fedora-clang | 0.1.0 | 87.00 | 201.04 | 288.04 | NOTE | |
r-devel-linux-x86_64-fedora-gcc | 0.1.0 | 53.00 | 212.84 | 265.84 | NOTE | |
r-devel-windows-x86_64 | 0.1.0 | 29.00 | 162.00 | 191.00 | OK | |
r-patched-linux-x86_64 | 0.1.0 | 23.29 | 140.37 | 163.66 | OK | |
r-release-linux-x86_64 | 0.1.0 | 23.37 | 140.55 | 163.92 | OK | |
r-release-macos-arm64 | 0.1.0 | 9.00 | 59.00 | 68.00 | OK | |
r-release-macos-x86_64 | 0.1.0 | 24.00 | 122.00 | 146.00 | OK | |
r-release-windows-x86_64 | 0.1.0 | 27.00 | 163.00 | 190.00 | OK | |
r-oldrel-macos-arm64 | 0.1.0 | 10.00 | 62.00 | 72.00 | OK | |
r-oldrel-macos-x86_64 | 0.1.0 | 25.00 | 130.00 | 155.00 | OK | |
r-oldrel-windows-x86_64 | 0.1.0 | 25.00 | 188.00 | 213.00 | OK |
Version: 0.1.0
Check: dependencies in R code
Result: NOTE
Namespaces in Imports field not imported from:
‘cols4all’ ‘stars’ ‘terra’ ‘tmap’ ‘tmap.cartogram’ ‘tmap.glyphs’
‘tmap.mapgl’ ‘tmap.networks’
All declared Imports should be used.
Flavors: r-devel-linux-x86_64-fedora-clang, r-devel-linux-x86_64-fedora-gcc
These binaries (installable software) and packages are in development.
They may not be fully stable and should be used with caution. We make no claims about them.