Last updated on 2025-11-11 15:50:50 CET.
| Flavor | Version | Tinstall | Tcheck | Ttotal | Status | Flags |
|---|---|---|---|---|---|---|
| r-devel-linux-x86_64-debian-clang | 0.2-13 | 3.52 | 25.92 | 29.44 | NOTE | |
| r-devel-linux-x86_64-debian-gcc | 0.2-13 | 2.82 | 20.92 | 23.74 | NOTE | |
| r-devel-linux-x86_64-fedora-clang | 0.2-13 | 42.77 | OK | |||
| r-devel-linux-x86_64-fedora-gcc | 0.2-13 | 41.10 | OK | |||
| r-devel-windows-x86_64 | 0.2-13 | 10.00 | 49.00 | 59.00 | OK | |
| r-patched-linux-x86_64 | 0.2-13 | 3.36 | 24.98 | 28.34 | OK | |
| r-release-linux-x86_64 | 0.2-13 | 3.38 | 24.59 | 27.97 | OK | |
| r-release-macos-arm64 | 0.2-13 | 4.00 | 20.00 | 24.00 | OK | |
| r-release-macos-x86_64 | 0.2-13 | 4.00 | 28.00 | 32.00 | OK | |
| r-release-windows-x86_64 | 0.2-13 | 8.00 | 51.00 | 59.00 | OK | |
| r-oldrel-macos-arm64 | 0.2-13 | 3.00 | 24.00 | 27.00 | OK | |
| r-oldrel-macos-x86_64 | 0.2-13 | 4.00 | 25.00 | 29.00 | OK | |
| r-oldrel-windows-x86_64 | 0.2-13 | 10.00 | 57.00 | 67.00 | OK |
Version: 0.2-13
Check: CRAN incoming feasibility
Result: NOTE
Maintainer: ‘Jian Li <rweibo@sina.com>’
No Authors@R field in DESCRIPTION.
Please add one, modifying
Authors@R: person(given = "Jian",
family = "Li",
role = c("aut", "cre"),
email = "rweibo@sina.com")
as necessary.
Flavors: r-devel-linux-x86_64-debian-clang, r-devel-linux-x86_64-debian-gcc
These binaries (installable software) and packages are in development.
They may not be fully stable and should be used with caution. We make no claims about them.