Last updated on 2024-07-27 15:50:36 CEST.
Flavor | Version | Tinstall | Tcheck | Ttotal | Status | Flags |
---|---|---|---|---|---|---|
r-devel-linux-x86_64-debian-clang | 0.2-13 | 4.60 | 29.02 | 33.62 | OK | |
r-devel-linux-x86_64-debian-gcc | 0.2-13 | OK | ||||
r-devel-linux-x86_64-fedora-clang | 0.2-13 | 42.66 | NOTE | |||
r-devel-linux-x86_64-fedora-gcc | 0.2-13 | 43.50 | NOTE | |||
r-devel-windows-x86_64 | 0.2-13 | 8.00 | 51.00 | 59.00 | OK | |
r-patched-linux-x86_64 | 0.2-13 | OK | ||||
r-release-linux-x86_64 | 0.2-13 | 4.05 | 28.67 | 32.72 | OK | |
r-release-macos-arm64 | 0.2-13 | 20.00 | OK | |||
r-release-macos-x86_64 | 0.2-13 | 29.00 | OK | |||
r-release-windows-x86_64 | 0.2-13 | 9.00 | 50.00 | 59.00 | OK | |
r-oldrel-macos-arm64 | 0.2-13 | 21.00 | OK | |||
r-oldrel-macos-x86_64 | 0.2-13 | 29.00 | OK | |||
r-oldrel-windows-x86_64 | 0.2-13 | 9.00 | 56.00 | 65.00 | OK |
Version: 0.2-13
Check: data for non-ASCII characters
Result: NOTE
Note: found 134043 marked UTF-8 strings
Flavors: r-devel-linux-x86_64-fedora-clang, r-devel-linux-x86_64-fedora-gcc
These binaries (installable software) and packages are in development.
They may not be fully stable and should be used with caution. We make no claims about them.