Last updated on 2025-05-01 14:49:25 CEST.
Flavor | Version | Tinstall | Tcheck | Ttotal | Status | Flags |
---|---|---|---|---|---|---|
r-devel-linux-x86_64-debian-clang | 2.0.1.1 | 10.46 | 72.69 | 83.15 | NOTE | |
r-devel-linux-x86_64-debian-gcc | 2.0.1.1 | 7.58 | 54.23 | 61.81 | NOTE | |
r-devel-linux-x86_64-fedora-clang | 2.0.1.1 | 129.57 | OK | |||
r-devel-linux-x86_64-fedora-gcc | 2.0.1.1 | 124.61 | OK | |||
r-devel-windows-x86_64 | 2.0.1.1 | 11.00 | 85.00 | 96.00 | NOTE | |
r-patched-linux-x86_64 | 2.0.1.1 | 10.89 | 69.89 | 80.78 | NOTE | |
r-release-linux-x86_64 | NOTE | |||||
r-release-macos-arm64 | 2.0.1.1 | 40.00 | OK | |||
r-release-macos-x86_64 | 2.0.1.1 | 83.00 | OK | |||
r-release-windows-x86_64 | 2.0.1.1 | 12.00 | 89.00 | 101.00 | NOTE | |
r-oldrel-macos-arm64 | 2.0.1.1 | 39.00 | OK | |||
r-oldrel-macos-x86_64 | 2.0.1.1 | 61.00 | OK | |||
r-oldrel-windows-x86_64 | 2.0.1.1 | 14.00 | 100.00 | 114.00 | OK |
Version: 2.0.1.1
Check: Rd cross-references
Result: NOTE
Found the following Rd file(s) with Rd \link{} targets missing package
anchors:
tmle.Sl.dbarts2.Rd: SuperLearner
Please provide package anchors for all Rd \link{} targets not in the
package itself and the base packages.
Flavors: r-devel-linux-x86_64-debian-clang, r-devel-linux-x86_64-debian-gcc, r-devel-windows-x86_64, r-patched-linux-x86_64, r-release-linux-x86_64, r-release-windows-x86_64
These binaries (installable software) and packages are in development.
They may not be fully stable and should be used with caution. We make no claims about them.