Last updated on 2025-02-16 08:51:04 CET.
Flavor | Version | Tinstall | Tcheck | Ttotal | Status | Flags |
---|---|---|---|---|---|---|
r-devel-linux-x86_64-debian-clang | 1.0-2 | 2.52 | 15.71 | 18.23 | OK | |
r-devel-linux-x86_64-debian-gcc | 1.0-2 | 2.06 | 13.21 | 15.27 | OK | |
r-devel-linux-x86_64-fedora-clang | 1.0-2 | 30.26 | NOTE | |||
r-devel-linux-x86_64-fedora-gcc | 1.0-2 | 28.04 | NOTE | |||
r-devel-macos-arm64 | 1.0-2 | 16.00 | OK | |||
r-devel-macos-x86_64 | 1.0-2 | 25.00 | OK | |||
r-devel-windows-x86_64 | 1.0-2 | 6.00 | 44.00 | 50.00 | OK | |
r-patched-linux-x86_64 | 1.0-2 | 2.23 | 15.16 | 17.39 | OK | |
r-release-linux-x86_64 | 1.0-2 | 2.34 | 15.20 | 17.54 | OK | |
r-release-macos-arm64 | 1.0-2 | 21.00 | OK | |||
r-release-macos-x86_64 | 1.0-2 | 21.00 | OK | |||
r-release-windows-x86_64 | 1.0-2 | 5.00 | 43.00 | 48.00 | OK | |
r-oldrel-macos-arm64 | 1.0-2 | 17.00 | OK | |||
r-oldrel-macos-x86_64 | 1.0-2 | 22.00 | OK | |||
r-oldrel-windows-x86_64 | 1.0-2 | 6.00 | 43.00 | 49.00 | OK |
Version: 1.0-2
Check: compiled code
Result: NOTE
File ‘tmvnsim/libs/tmvnsim.so’:
Found no calls to: ‘R_registerRoutines’, ‘R_useDynamicSymbols’
It is good practice to register native routines and to disable symbol
search.
See ‘Writing portable packages’ in the ‘Writing R Extensions’ manual.
Flavors: r-devel-linux-x86_64-fedora-clang, r-devel-linux-x86_64-fedora-gcc
These binaries (installable software) and packages are in development.
They may not be fully stable and should be used with caution. We make no claims about them.