CRAN Package Check Results for Package tmvtnsim

Last updated on 2025-05-08 04:52:21 CEST.

Flavor Version Tinstall Tcheck Ttotal Status Flags
r-devel-linux-x86_64-debian-clang 0.1.3 33.53 24.55 58.08 NOTE
r-devel-linux-x86_64-debian-gcc 0.1.3 21.38 19.39 40.77 NOTE
r-devel-linux-x86_64-fedora-clang 0.1.3 105.53 NOTE
r-devel-linux-x86_64-fedora-gcc 0.1.3 102.96 NOTE
r-devel-windows-x86_64 0.1.3 38.00 64.00 102.00 NOTE
r-patched-linux-x86_64 0.1.3 31.34 23.44 54.78 NOTE
r-release-linux-x86_64 0.1.3 31.18 23.44 54.62 NOTE
r-release-macos-arm64 0.1.3 31.00 NOTE
r-release-macos-x86_64 0.1.3 49.00 NOTE
r-release-windows-x86_64 0.1.3 38.00 67.00 105.00 NOTE
r-oldrel-macos-arm64 0.1.3 28.00 NOTE
r-oldrel-macos-x86_64 0.1.3 38.00 NOTE
r-oldrel-windows-x86_64 0.1.3 44.00 78.00 122.00 NOTE

Check Details

Version: 0.1.3
Check: CRAN incoming feasibility
Result: NOTE Maintainer: ‘Kaifeng Lu <kaifenglu@gmail.com>’ No Authors@R field in DESCRIPTION. Please add one, modifying Authors@R: person(given = "Kaifeng", family = "Lu", role = c("aut", "cre"), email = "kaifenglu@gmail.com") as necessary. Flavors: r-devel-linux-x86_64-debian-clang, r-devel-linux-x86_64-debian-gcc

Version: 0.1.3
Check: C++ specification
Result: NOTE Specified C++11: please drop specification unless essential Flavors: r-devel-linux-x86_64-debian-clang, r-devel-linux-x86_64-debian-gcc, r-devel-linux-x86_64-fedora-clang, r-devel-linux-x86_64-fedora-gcc, r-devel-windows-x86_64, r-patched-linux-x86_64, r-release-linux-x86_64, r-release-macos-arm64, r-release-macos-x86_64, r-release-windows-x86_64, r-oldrel-macos-arm64, r-oldrel-macos-x86_64, r-oldrel-windows-x86_64

These binaries (installable software) and packages are in development.
They may not be fully stable and should be used with caution. We make no claims about them.