Last updated on 2025-05-01 15:49:47 CEST.
Flavor | Version | Tinstall | Tcheck | Ttotal | Status | Flags |
---|---|---|---|---|---|---|
r-devel-linux-x86_64-debian-clang | 3.0.16 | 10.55 | 79.92 | 90.47 | NOTE | |
r-devel-linux-x86_64-debian-gcc | 3.0.16 | 7.07 | 56.25 | 63.32 | NOTE | |
r-devel-linux-x86_64-fedora-clang | 3.0.16 | 139.63 | OK | |||
r-devel-linux-x86_64-fedora-gcc | 3.0.16 | 133.16 | OK | |||
r-devel-windows-x86_64 | 3.0.16 | 12.00 | 102.00 | 114.00 | OK | |
r-patched-linux-x86_64 | 3.0.16 | 10.45 | 75.94 | 86.39 | OK | |
r-release-linux-x86_64 | OK | |||||
r-release-macos-arm64 | 3.0.16 | 46.00 | OK | |||
r-release-macos-x86_64 | 3.0.16 | 78.00 | OK | |||
r-release-windows-x86_64 | 3.0.16 | 11.00 | 105.00 | 116.00 | OK | |
r-oldrel-macos-arm64 | 3.0.16 | 43.00 | OK | |||
r-oldrel-macos-x86_64 | 3.0.16 | 61.00 | OK | |||
r-oldrel-windows-x86_64 | 3.0.16 | 15.00 | 115.00 | 130.00 | OK |
Version: 3.0.16
Check: CRAN incoming feasibility
Result: NOTE
Maintainer: ‘Tore Opsahl <tore@opsahl.co.uk>’
No Authors@R field in DESCRIPTION.
Please add one, modifying
Authors@R: person(given = "Tore",
family = "Opsahl",
role = c("aut", "cre"),
email = "tore@opsahl.co.uk")
as necessary.
Package CITATION file contains call(s) to old-style personList() or
as.personList(). Please use c() on person objects instead.
Package CITATION file contains call(s) to old-style citEntry(). Please
use bibentry() instead.
Flavors: r-devel-linux-x86_64-debian-clang, r-devel-linux-x86_64-debian-gcc
Version: 3.0.16
Check: examples
Result: NOTE
Examples with CPU (user + system) or elapsed time > 5s
user system elapsed
weighted_richclub_tm 4.255 0.094 7.266
Flavor: r-devel-linux-x86_64-debian-clang
These binaries (installable software) and packages are in development.
They may not be fully stable and should be used with caution. We make no claims about them.