CRAN Package Check Results for Package tntpr

Last updated on 2025-07-04 09:50:07 CEST.

Flavor Version Tinstall Tcheck Ttotal Status Flags
r-devel-linux-x86_64-debian-clang 1.2.1 8.71 93.65 102.36 NOTE
r-devel-linux-x86_64-debian-gcc 1.2.1 5.48 66.38 71.86 NOTE
r-devel-linux-x86_64-fedora-clang 1.2.1 158.06 NOTE
r-devel-linux-x86_64-fedora-gcc 1.2.1 161.37 NOTE
r-devel-windows-x86_64 1.2.1 9.00 108.00 117.00 NOTE
r-patched-linux-x86_64 1.2.1 8.66 87.65 96.31 NOTE
r-release-linux-x86_64 1.2.1 7.99 87.34 95.33 NOTE
r-release-macos-arm64 1.2.1 51.00 NOTE
r-release-macos-x86_64 1.2.1 87.00 NOTE
r-release-windows-x86_64 1.2.1 10.00 112.00 122.00 NOTE
r-oldrel-macos-arm64 1.2.1 55.00 OK
r-oldrel-macos-x86_64 1.2.1 84.00 OK
r-oldrel-windows-x86_64 1.2.1 13.00 134.00 147.00 OK

Check Details

Version: 1.2.1
Check: DESCRIPTION meta-information
Result: NOTE Missing dependency on R >= 4.2.0 because package code uses the pipe placeholder syntax added in R 4.2.0. File(s) using such syntax: ‘position_diverge.R’ Flavors: r-devel-linux-x86_64-debian-clang, r-devel-linux-x86_64-debian-gcc, r-devel-linux-x86_64-fedora-clang, r-devel-linux-x86_64-fedora-gcc, r-devel-windows-x86_64, r-patched-linux-x86_64, r-release-linux-x86_64, r-release-macos-arm64, r-release-windows-x86_64

Version: 1.2.1
Check: DESCRIPTION meta-information
Result: NOTE Missing dependency on R >= 4.1.0 because package code uses the pipe |> or function shorthand \(...) syntax added in R 4.1.0. File(s) using such syntax: ‘bar_chart_counts.R’ ‘date_to_sy.R’ ‘factorize.R’ ‘position_diverge.R’ ‘setup_repo.R’ ‘sp_.R’ ‘survey_utils.R’ ‘tntp_colors.R’ Flavor: r-release-macos-x86_64

These binaries (installable software) and packages are in development.
They may not be fully stable and should be used with caution. We make no claims about them.