Last updated on 2025-02-16 08:51:04 CET.
Flavor | Version | Tinstall | Tcheck | Ttotal | Status | Flags |
---|---|---|---|---|---|---|
r-devel-linux-x86_64-debian-clang | 1.2.1 | 7.23 | 86.53 | 93.76 | NOTE | |
r-devel-linux-x86_64-debian-gcc | 1.2.1 | 5.08 | 61.61 | 66.69 | NOTE | |
r-devel-linux-x86_64-fedora-clang | 1.2.1 | 156.21 | NOTE | |||
r-devel-linux-x86_64-fedora-gcc | 1.2.1 | 154.63 | NOTE | |||
r-devel-macos-arm64 | 1.2.1 | 53.00 | OK | |||
r-devel-macos-x86_64 | 1.2.1 | 87.00 | NOTE | |||
r-devel-windows-x86_64 | 1.2.1 | 9.00 | 105.00 | 114.00 | NOTE | |
r-patched-linux-x86_64 | 1.2.1 | 8.28 | 80.33 | 88.61 | OK | |
r-release-linux-x86_64 | 1.2.1 | 7.00 | 81.08 | 88.08 | OK | |
r-release-macos-arm64 | 1.2.1 | 55.00 | OK | |||
r-release-macos-x86_64 | 1.2.1 | 84.00 | OK | |||
r-release-windows-x86_64 | 1.2.1 | 9.00 | 106.00 | 115.00 | OK | |
r-oldrel-macos-arm64 | 1.2.1 | 57.00 | OK | |||
r-oldrel-macos-x86_64 | 1.2.1 | 84.00 | OK | |||
r-oldrel-windows-x86_64 | 1.2.1 | 12.00 | 125.00 | 137.00 | OK |
Version: 1.2.1
Check: DESCRIPTION meta-information
Result: NOTE
Missing dependency on R >= 4.2.0 because package code uses the pipe
placeholder syntax added in R 4.2.0.
File(s) using such syntax:
‘position_diverge.R’
Flavors: r-devel-linux-x86_64-debian-clang, r-devel-linux-x86_64-debian-gcc, r-devel-linux-x86_64-fedora-clang, r-devel-linux-x86_64-fedora-gcc, r-devel-windows-x86_64
Version: 1.2.1
Check: DESCRIPTION meta-information
Result: NOTE
Missing dependency on R >= 4.1.0 because package code uses the pipe
|> or function shorthand \(...) syntax added in R 4.1.0.
File(s) using such syntax:
‘bar_chart_counts.R’ ‘date_to_sy.R’ ‘factorize.R’
‘position_diverge.R’ ‘setup_repo.R’ ‘sp_.R’ ‘survey_utils.R’
‘tntp_colors.R’
Flavor: r-devel-macos-x86_64
These binaries (installable software) and packages are in development.
They may not be fully stable and should be used with caution. We make no claims about them.