Last updated on 2024-07-27 15:50:36 CEST.
Flavor | Version | Tinstall | Tcheck | Ttotal | Status | Flags |
---|---|---|---|---|---|---|
r-devel-linux-x86_64-debian-clang | 0.1.3 | 523.58 | 37.90 | 561.48 | OK | |
r-devel-linux-x86_64-debian-gcc | 0.1.3 | OK | ||||
r-devel-linux-x86_64-fedora-clang | 0.1.3 | 925.88 | NOTE | |||
r-devel-linux-x86_64-fedora-gcc | 0.1.3 | 949.18 | OK | |||
r-devel-windows-x86_64 | 0.1.3 | 107.00 | 118.00 | 225.00 | NOTE | |
r-patched-linux-x86_64 | 0.1.3 | OK | ||||
r-release-linux-x86_64 | 0.1.3 | 523.59 | 36.82 | 560.41 | OK | |
r-release-macos-arm64 | 0.1.3 | 265.00 | NOTE | |||
r-release-macos-x86_64 | 0.1.3 | 199.00 | NOTE | |||
r-release-windows-x86_64 | 0.1.3 | 121.00 | 116.00 | 237.00 | NOTE | |
r-oldrel-macos-arm64 | 0.1.3 | 264.00 | NOTE | |||
r-oldrel-macos-x86_64 | 0.1.3 | 89.00 | ERROR | |||
r-oldrel-windows-x86_64 | 0.1.3 | 103.00 | 153.00 | 256.00 | NOTE |
Version: 0.1.3
Check: installed package size
Result: NOTE
installed size is 14.9Mb
sub-directories of 1Mb or more:
libs 14.2Mb
Flavors: r-devel-linux-x86_64-fedora-clang, r-devel-windows-x86_64, r-release-macos-arm64, r-release-macos-x86_64, r-release-windows-x86_64, r-oldrel-macos-arm64, r-oldrel-windows-x86_64
Version: 0.1.3
Check: whether package can be installed
Result: ERROR
Installation failed.
Flavor: r-oldrel-macos-x86_64
These binaries (installable software) and packages are in development.
They may not be fully stable and should be used with caution. We make no claims about them.