Last updated on 2025-11-12 23:51:02 CET.
| Flavor | Version | Tinstall | Tcheck | Ttotal | Status | Flags |
|---|---|---|---|---|---|---|
| r-devel-linux-x86_64-debian-clang | 0.2.1 | 376.77 | 33.40 | 410.17 | OK | |
| r-devel-linux-x86_64-debian-gcc | 0.2.1 | 306.90 | 26.82 | 333.72 | OK | |
| r-devel-linux-x86_64-fedora-clang | 0.2.1 | 568.00 | 87.31 | 655.31 | OK | |
| r-devel-linux-x86_64-fedora-gcc | 0.2.1 | 592.00 | 55.60 | 647.60 | OK | |
| r-devel-windows-x86_64 | 0.2.1 | 370.00 | 83.00 | 453.00 | OK | |
| r-patched-linux-x86_64 | 0.2.1 | 373.92 | 30.19 | 404.11 | OK | |
| r-release-linux-x86_64 | 0.2.1 | 382.25 | 30.31 | 412.56 | OK | |
| r-release-macos-arm64 | 0.2.1 | 150.00 | 24.00 | 174.00 | OK | |
| r-release-macos-x86_64 | 0.2.1 | 268.00 | 45.00 | 313.00 | OK | |
| r-release-windows-x86_64 | 0.2.1 | 361.00 | 83.00 | 444.00 | OK | |
| r-oldrel-macos-arm64 | 0.2.1 | 159.00 | 27.00 | 186.00 | NOTE | |
| r-oldrel-macos-x86_64 | 0.2.1 | 265.00 | 41.00 | 306.00 | NOTE | |
| r-oldrel-windows-x86_64 | 0.2.1 | 382.00 | 98.00 | 480.00 | NOTE |
Version: 0.2.1
Check: installed package size
Result: NOTE
installed size is 6.5Mb
sub-directories of 1Mb or more:
libs 5.7Mb
Flavors: r-oldrel-macos-arm64, r-oldrel-macos-x86_64, r-oldrel-windows-x86_64
These binaries (installable software) and packages are in development.
They may not be fully stable and should be used with caution. We make no claims about them.