Last updated on 2024-07-27 15:50:36 CEST.
Flavor | Version | Tinstall | Tcheck | Ttotal | Status | Flags |
---|---|---|---|---|---|---|
r-devel-linux-x86_64-debian-clang | 0.1.3 | 100.42 | 31.24 | 131.66 | OK | |
r-devel-linux-x86_64-debian-gcc | 0.1.3 | OK | ||||
r-devel-linux-x86_64-fedora-clang | 0.1.3 | 241.08 | OK | |||
r-devel-linux-x86_64-fedora-gcc | 0.1.3 | 212.98 | OK | |||
r-devel-windows-x86_64 | 0.1.3 | 74.00 | 70.00 | 144.00 | OK | |
r-patched-linux-x86_64 | 0.1.3 | OK | ||||
r-release-linux-x86_64 | 0.1.3 | 94.87 | 30.14 | 125.01 | OK | |
r-release-macos-arm64 | 0.1.3 | 53.00 | NOTE | |||
r-release-macos-x86_64 | 0.1.3 | 58.00 | NOTE | |||
r-release-windows-x86_64 | 0.1.3 | 95.00 | 70.00 | 165.00 | OK | |
r-oldrel-macos-arm64 | 0.1.3 | 58.00 | NOTE | |||
r-oldrel-macos-x86_64 | 0.1.3 | 94.00 | NOTE | |||
r-oldrel-windows-x86_64 | 0.1.3 | 78.00 | 78.00 | 156.00 | OK |
Version: 0.1.3
Check: installed package size
Result: NOTE
installed size is 6.1Mb
sub-directories of 1Mb or more:
libs 5.1Mb
Flavors: r-release-macos-arm64, r-release-macos-x86_64, r-oldrel-macos-arm64, r-oldrel-macos-x86_64
These binaries (installable software) and packages are in development.
They may not be fully stable and should be used with caution. We make no claims about them.