Last updated on 2025-05-01 08:52:48 CEST.
Flavor | Version | Tinstall | Tcheck | Ttotal | Status | Flags |
---|---|---|---|---|---|---|
r-devel-linux-x86_64-debian-clang | 0.1.3 | 74.59 | 24.40 | 98.99 | OK | |
r-devel-linux-x86_64-debian-gcc | 0.1.3 | 57.78 | 21.05 | 78.83 | OK | |
r-devel-linux-x86_64-fedora-clang | 0.1.3 | 173.91 | OK | |||
r-devel-linux-x86_64-fedora-gcc | 0.1.3 | 193.96 | OK | |||
r-devel-windows-x86_64 | 0.1.3 | 77.00 | 77.00 | 154.00 | OK | |
r-patched-linux-x86_64 | 0.1.3 | 81.39 | 23.75 | 105.14 | OK | |
r-release-linux-x86_64 | OK | |||||
r-release-macos-arm64 | 0.1.3 | 51.00 | OK | |||
r-release-macos-x86_64 | 0.1.3 | 70.00 | OK | |||
r-release-windows-x86_64 | 0.1.3 | 82.00 | 76.00 | 158.00 | OK | |
r-oldrel-macos-arm64 | 0.1.3 | 53.00 | NOTE | |||
r-oldrel-macos-x86_64 | 0.1.3 | 58.00 | NOTE | |||
r-oldrel-windows-x86_64 | 0.1.3 | 90.00 | 70.00 | 160.00 | OK |
Version: 0.1.3
Check: installed package size
Result: NOTE
installed size is 6.1Mb
sub-directories of 1Mb or more:
libs 5.1Mb
Flavors: r-oldrel-macos-arm64, r-oldrel-macos-x86_64
These binaries (installable software) and packages are in development.
They may not be fully stable and should be used with caution. We make no claims about them.