Last updated on 2025-05-08 04:52:21 CEST.
Flavor | Version | Tinstall | Tcheck | Ttotal | Status | Flags |
---|---|---|---|---|---|---|
r-devel-linux-x86_64-debian-clang | 0.3.0 | 17.76 | 39.36 | 57.12 | NOTE | |
r-devel-linux-x86_64-debian-gcc | 0.3.0 | 12.35 | 31.37 | 43.72 | NOTE | |
r-devel-linux-x86_64-fedora-clang | 0.3.0 | 92.55 | OK | |||
r-devel-linux-x86_64-fedora-gcc | 0.3.0 | 109.54 | OK | |||
r-devel-windows-x86_64 | 0.3.0 | 23.00 | 79.00 | 102.00 | OK | |
r-patched-linux-x86_64 | 0.3.0 | 17.37 | 36.84 | 54.21 | OK | |
r-release-linux-x86_64 | 0.3.0 | 17.20 | 36.53 | 53.73 | OK | |
r-release-macos-arm64 | 0.3.0 | 48.00 | OK | |||
r-release-macos-x86_64 | 0.3.0 | 63.00 | OK | |||
r-release-windows-x86_64 | 0.3.0 | 20.00 | 89.00 | 109.00 | OK | |
r-oldrel-macos-arm64 | 0.3.0 | 37.00 | OK | |||
r-oldrel-macos-x86_64 | 0.3.0 | 59.00 | OK | |||
r-oldrel-windows-x86_64 | 0.3.0 | 18.00 | 91.00 | 109.00 | OK |
Version: 0.3.0
Check: CRAN incoming feasibility
Result: NOTE
Maintainer: ‘Lincoln Mullen <lincoln@lincolnmullen.com>’
Package CITATION file contains call(s) to old-style personList() or
as.personList(). Please use c() on person objects instead.
Package CITATION file contains call(s) to old-style citEntry(). Please
use bibentry() instead.
Flavors: r-devel-linux-x86_64-debian-clang, r-devel-linux-x86_64-debian-gcc
These binaries (installable software) and packages are in development.
They may not be fully stable and should be used with caution. We make no claims about them.