Last updated on 2025-05-01 14:49:25 CEST.
Flavor | Version | Tinstall | Tcheck | Ttotal | Status | Flags |
---|---|---|---|---|---|---|
r-devel-linux-x86_64-debian-clang | 3.0.0 | 18.64 | 139.25 | 157.89 | NOTE | |
r-devel-linux-x86_64-debian-gcc | 3.0.0 | 10.53 | 90.40 | 100.93 | OK | |
r-devel-linux-x86_64-fedora-clang | 3.0.0 | 231.95 | OK | |||
r-devel-linux-x86_64-fedora-gcc | 3.0.0 | 218.07 | OK | |||
r-devel-windows-x86_64 | 3.0.0 | 19.00 | 178.00 | 197.00 | OK | |
r-patched-linux-x86_64 | 3.0.0 | 15.24 | 127.55 | 142.79 | OK | |
r-release-linux-x86_64 | OK | |||||
r-release-macos-arm64 | 3.0.0 | 59.00 | OK | |||
r-release-macos-x86_64 | 3.0.0 | 113.00 | OK | |||
r-release-windows-x86_64 | 3.0.0 | 20.00 | 179.00 | 199.00 | OK | |
r-oldrel-macos-arm64 | 3.0.0 | 58.00 | OK | |||
r-oldrel-macos-x86_64 | 3.0.0 | 94.00 | OK | |||
r-oldrel-windows-x86_64 | 3.0.0 | 23.00 | 201.00 | 224.00 | OK |
Version: 3.0.0
Check: examples
Result: NOTE
Examples with CPU (user + system) or elapsed time > 5s
user system elapsed
mvregtolregion 4.608 0.039 5.332
Flavor: r-devel-linux-x86_64-debian-clang
These binaries (installable software) and packages are in development.
They may not be fully stable and should be used with caution. We make no claims about them.