Last updated on 2025-02-16 08:51:04 CET.
Flavor | Version | Tinstall | Tcheck | Ttotal | Status | Flags |
---|---|---|---|---|---|---|
r-devel-linux-x86_64-debian-clang | 1.0.1 | 2.24 | 21.88 | 24.12 | OK | |
r-devel-linux-x86_64-debian-gcc | 1.0.1 | 1.64 | 17.66 | 19.30 | OK | |
r-devel-linux-x86_64-fedora-clang | 1.0.1 | 39.56 | NOTE | |||
r-devel-linux-x86_64-fedora-gcc | 1.0.1 | 36.83 | NOTE | |||
r-devel-macos-arm64 | 1.0.1 | 18.00 | OK | |||
r-devel-macos-x86_64 | 1.0.1 | 29.00 | OK | |||
r-devel-windows-x86_64 | 1.0.1 | 4.00 | 53.00 | 57.00 | OK | |
r-patched-linux-x86_64 | 1.0.1 | 2.10 | 20.97 | 23.07 | OK | |
r-release-linux-x86_64 | 1.0.1 | 2.08 | 20.77 | 22.85 | OK | |
r-release-macos-arm64 | 1.0.1 | 18.00 | OK | |||
r-release-macos-x86_64 | 1.0.1 | 33.00 | OK | |||
r-release-windows-x86_64 | 1.0.1 | 4.00 | 47.00 | 51.00 | OK | |
r-oldrel-macos-arm64 | 1.0.1 | 19.00 | OK | |||
r-oldrel-macos-x86_64 | 1.0.1 | 23.00 | OK | |||
r-oldrel-windows-x86_64 | 1.0.1 | 4.00 | 50.00 | 54.00 | OK |
Version: 1.0.1
Check: dependencies in R code
Result: NOTE
Namespace in Imports field not imported from: ‘testthat’
All declared Imports should be used.
Flavors: r-devel-linux-x86_64-fedora-clang, r-devel-linux-x86_64-fedora-gcc
These binaries (installable software) and packages are in development.
They may not be fully stable and should be used with caution. We make no claims about them.