CRAN Package Check Results for Package toolStability

Last updated on 2025-02-16 08:51:04 CET.

Flavor Version Tinstall Tcheck Ttotal Status Flags
r-devel-linux-x86_64-debian-clang 0.1.2 5.59 56.72 62.31 NOTE
r-devel-linux-x86_64-debian-gcc 0.1.2 3.58 40.43 44.01 NOTE
r-devel-linux-x86_64-fedora-clang 0.1.2 99.23 NOTE
r-devel-linux-x86_64-fedora-gcc 0.1.2 105.67 NOTE
r-devel-macos-arm64 0.1.2 42.00 NOTE
r-devel-macos-x86_64 0.1.2 71.00 NOTE
r-devel-windows-x86_64 0.1.2 7.00 83.00 90.00 NOTE
r-patched-linux-x86_64 0.1.2 5.10 51.96 57.06 NOTE
r-release-linux-x86_64 0.1.2 5.09 52.74 57.83 NOTE
r-release-macos-arm64 0.1.2 42.00 NOTE
r-release-macos-x86_64 0.1.2 61.00 NOTE
r-release-windows-x86_64 0.1.2 6.00 88.00 94.00 NOTE
r-oldrel-macos-arm64 0.1.2 40.00 OK
r-oldrel-macos-x86_64 0.1.2 59.00 OK
r-oldrel-windows-x86_64 0.1.2 9.00 89.00 98.00 OK

Check Details

Version: 0.1.2
Check: Rd files
Result: NOTE checkRd: (-1) Data.Rd:10: Lost braces in \itemize; meant \describe ? checkRd: (-1) Data.Rd:11: Lost braces in \itemize; meant \describe ? checkRd: (-1) Data.Rd:12: Lost braces in \itemize; meant \describe ? checkRd: (-1) Data.Rd:13: Lost braces in \itemize; meant \describe ? checkRd: (-1) Data.Rd:14: Lost braces in \itemize; meant \describe ? checkRd: (-1) Data.Rd:15: Lost braces in \itemize; meant \describe ? checkRd: (-1) Data.Rd:16: Lost braces in \itemize; meant \describe ? checkRd: (-1) Data.Rd:17: Lost braces in \itemize; meant \describe ? Flavors: r-devel-linux-x86_64-debian-clang, r-devel-linux-x86_64-debian-gcc, r-devel-linux-x86_64-fedora-clang, r-devel-linux-x86_64-fedora-gcc, r-devel-macos-arm64, r-devel-macos-x86_64, r-devel-windows-x86_64, r-patched-linux-x86_64, r-release-linux-x86_64, r-release-macos-arm64, r-release-macos-x86_64, r-release-windows-x86_64

These binaries (installable software) and packages are in development.
They may not be fully stable and should be used with caution. We make no claims about them.