CRAN Package Check Results for Package toolbox

Last updated on 2025-05-01 15:49:47 CEST.

Flavor Version Tinstall Tcheck Ttotal Status Flags
r-devel-linux-x86_64-debian-clang 0.1.1 1.72 17.68 19.40 NOTE
r-devel-linux-x86_64-debian-gcc 0.1.1 1.49 14.98 16.47 NOTE
r-devel-linux-x86_64-fedora-clang 0.1.1 30.38 NOTE
r-devel-linux-x86_64-fedora-gcc 0.1.1 29.12 NOTE
r-devel-windows-x86_64 0.1.1 3.00 41.00 44.00 NOTE
r-patched-linux-x86_64 0.1.1 1.82 16.93 18.75 NOTE
r-release-linux-x86_64 NOTE
r-release-macos-arm64 0.1.1 15.00 NOTE
r-release-macos-x86_64 0.1.1 29.00 NOTE
r-release-windows-x86_64 0.1.1 4.00 46.00 50.00 NOTE
r-oldrel-macos-arm64 0.1.1 17.00 NOTE
r-oldrel-macos-x86_64 0.1.1 24.00 NOTE
r-oldrel-windows-x86_64 0.1.1 3.00 40.00 43.00 NOTE

Check Details

Version: 0.1.1
Check: CRAN incoming feasibility
Result: NOTE Maintainer: ‘Timothy Conwell <timconwell@gmail.com>’ No Authors@R field in DESCRIPTION. Please add one, modifying Authors@R: person(given = "Timothy", family = "Conwell", role = c("aut", "cre"), email = "timconwell@gmail.com") as necessary. Flavors: r-devel-linux-x86_64-debian-clang, r-devel-linux-x86_64-debian-gcc

Version: 0.1.1
Check: Rd files
Result: NOTE checkRd: (-1) jsonStr.Rd:5: Lost braces; missing escapes or markup? 5 | \title{Format data as a JSON object (like this: {"x": "120"}).} | ^ checkRd: (-1) jsonStr.Rd:18: Lost braces; missing escapes or markup? 18 | Format data as a JSON object (like this: {"x": "120"}). | ^ Flavors: r-devel-linux-x86_64-debian-clang, r-devel-linux-x86_64-debian-gcc, r-devel-linux-x86_64-fedora-clang, r-devel-linux-x86_64-fedora-gcc, r-devel-windows-x86_64, r-patched-linux-x86_64, r-release-linux-x86_64, r-release-macos-arm64, r-release-macos-x86_64, r-release-windows-x86_64, r-oldrel-macos-arm64, r-oldrel-macos-x86_64, r-oldrel-windows-x86_64

These binaries (installable software) and packages are in development.
They may not be fully stable and should be used with caution. We make no claims about them.