Last updated on 2025-02-16 08:51:04 CET.
Flavor | Version | Tinstall | Tcheck | Ttotal | Status | Flags |
---|---|---|---|---|---|---|
r-devel-linux-x86_64-debian-clang | 0.1.1 | 3.72 | 82.74 | 86.46 | OK | |
r-devel-linux-x86_64-debian-gcc | 0.1.1 | 3.08 | 62.46 | 65.54 | OK | |
r-devel-linux-x86_64-fedora-clang | 0.1.1 | 159.85 | OK | |||
r-devel-linux-x86_64-fedora-gcc | 0.1.1 | 172.96 | OK | |||
r-devel-macos-arm64 | 0.1.1 | 68.00 | OK | |||
r-devel-macos-x86_64 | 0.1.1 | 120.00 | OK | |||
r-devel-windows-x86_64 | 0.1.1 | 6.00 | 169.00 | 175.00 | OK | |
r-patched-linux-x86_64 | 0.1.1 | 3.74 | 81.96 | 85.70 | OK | |
r-release-linux-x86_64 | 0.1.1 | 3.53 | 87.88 | 91.41 | OK | |
r-release-macos-arm64 | 0.1.1 | 76.00 | OK | |||
r-release-macos-x86_64 | 0.1.1 | 98.00 | OK | |||
r-release-windows-x86_64 | 0.1.1 | 5.00 | 167.00 | 172.00 | OK | |
r-oldrel-macos-arm64 | 0.1.1 | 71.00 | OK | |||
r-oldrel-macos-x86_64 | 0.1.1 | 118.00 | NOTE | |||
r-oldrel-windows-x86_64 | 0.1.1 | 6.00 | 156.00 | 162.00 | OK |
Version: 0.1.1
Check: package dependencies
Result: NOTE
Package suggested but not available for checking: ‘stm’
Flavor: r-oldrel-macos-x86_64
Version: 0.1.1
Check: Rd cross-references
Result: NOTE
Package unavailable to check Rd xrefs: ‘stm’
Flavor: r-oldrel-macos-x86_64
These binaries (installable software) and packages are in development.
They may not be fully stable and should be used with caution. We make no claims about them.