Last updated on 2025-05-21 23:48:59 CEST.
Flavor | Version | Tinstall | Tcheck | Ttotal | Status | Flags |
---|---|---|---|---|---|---|
r-devel-linux-x86_64-debian-clang | 0.50 | 14.89 | 143.61 | 158.50 | OK | |
r-devel-linux-x86_64-debian-gcc | 0.50 | 9.47 | 100.76 | 110.23 | OK | |
r-devel-linux-x86_64-fedora-clang | 0.50 | 258.58 | OK | |||
r-devel-linux-x86_64-fedora-gcc | 0.50 | 251.17 | OK | |||
r-devel-windows-x86_64 | 0.50 | 17.00 | 149.00 | 166.00 | OK | |
r-patched-linux-x86_64 | 0.50 | 14.86 | 135.05 | 149.91 | OK | |
r-release-linux-x86_64 | 0.50 | 13.60 | 133.07 | 146.67 | OK | |
r-release-macos-arm64 | 0.50 | 76.00 | OK | |||
r-release-macos-x86_64 | 0.50 | 145.00 | OK | |||
r-release-windows-x86_64 | 0.50 | 15.00 | 124.00 | 139.00 | ERROR | |
r-oldrel-macos-arm64 | 0.50 | 76.00 | OK | |||
r-oldrel-macos-x86_64 | 0.50 | 143.00 | OK | |||
r-oldrel-windows-x86_64 | 0.50 | 23.00 | 181.00 | 204.00 | OK |
Version: 0.50
Check: re-building of vignette outputs
Result: ERROR
Error(s) in re-building vignettes:
--- re-building 'extended_installation_guide.Rmd' using rmarkdown
--- finished re-building 'extended_installation_guide.Rmd'
--- re-building 'topics.Rmd' using rmarkdown
Quitting from topics.Rmd:36-47 [dtm]
~~~~~~~~~~~~~~~~~~~~~~~~~~~~~~~~~~~~~~~~~~~~~~~~~~~~~~~~~~~~~~~~~~~~~~~~~~~~~~~~
<error/rlang_error>
Error in `serverSocket()`:
! creation of server socket failed: port 11803 cannot be opened
---
Backtrace:
▆
1. └─topics::topicsDtm(data = dep_wor_data$Depword)
2. └─textmineR::CreateDtm(...)
3. └─textmineR::TmParallelApply(...)
4. └─parallel::makeCluster(cpus)
5. └─parallel::makePSOCKcluster(names = spec, ...)
6. └─base::serverSocket(port = port)
~~~~~~~~~~~~~~~~~~~~~~~~~~~~~~~~~~~~~~~~~~~~~~~~~~~~~~~~~~~~~~~~~~~~~~~~~~~~~~~~
Error: processing vignette 'topics.Rmd' failed with diagnostics:
creation of server socket failed: port 11803 cannot be opened
--- failed re-building 'topics.Rmd'
SUMMARY: processing the following file failed:
'topics.Rmd'
Error: Vignette re-building failed.
Execution halted
Flavor: r-release-windows-x86_64
These binaries (installable software) and packages are in development.
They may not be fully stable and should be used with caution. We make no claims about them.