Last updated on 2025-10-23 11:50:32 CEST.
Flavor | Version | Tinstall | Tcheck | Ttotal | Status | Flags |
---|---|---|---|---|---|---|
r-devel-linux-x86_64-debian-clang | 0.62 | 14.82 | 122.05 | 136.87 | NOTE | |
r-devel-linux-x86_64-debian-gcc | 0.62 | 9.81 | 85.11 | 94.92 | OK | |
r-devel-linux-x86_64-fedora-clang | 0.62 | 71.00 | 154.52 | 225.52 | OK | |
r-devel-linux-x86_64-fedora-gcc | 0.62 | 29.00 | 188.37 | 217.37 | OK | |
r-devel-windows-x86_64 | 0.62 | 17.00 | 122.00 | 139.00 | OK | |
r-patched-linux-x86_64 | 0.62 | 15.39 | 115.59 | 130.98 | OK | |
r-release-linux-x86_64 | 0.62 | 13.68 | 116.52 | 130.20 | OK | |
r-release-macos-arm64 | 0.62 | 6.00 | 60.00 | 66.00 | OK | |
r-release-macos-x86_64 | 0.62 | 21.00 | 116.00 | 137.00 | OK | |
r-release-windows-x86_64 | 0.62 | 18.00 | 124.00 | 142.00 | OK | |
r-oldrel-macos-arm64 | 0.62 | 6.00 | 113.00 | 119.00 | OK | |
r-oldrel-macos-x86_64 | 0.62 | 22.00 | 120.00 | 142.00 | OK | |
r-oldrel-windows-x86_64 | 0.62 | 22.00 | 154.00 | 176.00 | OK |
Version: 0.62
Check: HTML version of manual
Result: NOTE
Found the following HTML validation problems:
topicsGridLegend.html:130:1 (topicsGridLegend.Rd:62): Warning: missing </ul> before </div>
topicsScatterLegend.html:162:1 (topicsScatterLegend.Rd:82): Warning: missing </ul> before </div>
Flavor: r-devel-linux-x86_64-debian-clang
These binaries (installable software) and packages are in development.
They may not be fully stable and should be used with caution. We make no claims about them.