Last updated on 2025-07-05 09:49:39 CEST.
Flavor | Version | Tinstall | Tcheck | Ttotal | Status | Flags |
---|---|---|---|---|---|---|
r-devel-linux-x86_64-debian-clang | 1.5.0 | 54.72 | 425.75 | 480.47 | NOTE | |
r-devel-linux-x86_64-debian-gcc | 1.5.0 | 39.04 | 312.95 | 351.99 | NOTE | |
r-devel-linux-x86_64-fedora-clang | 1.5.0 | 820.35 | OK | |||
r-devel-linux-x86_64-fedora-gcc | 1.5.0 | 729.34 | OK | |||
r-devel-windows-x86_64 | 1.5.0 | 50.00 | 336.00 | 386.00 | OK | |
r-patched-linux-x86_64 | 1.5.0 | 52.99 | 403.48 | 456.47 | OK | |
r-release-linux-x86_64 | 1.5.0 | 46.42 | 406.26 | 452.68 | OK | |
r-release-macos-arm64 | 1.5.0 | 5.00 | ERROR | |||
r-release-macos-x86_64 | 1.5.0 | 6.00 | ERROR | |||
r-release-windows-x86_64 | 1.5.0 | 49.00 | 340.00 | 389.00 | OK | |
r-oldrel-macos-arm64 | 1.5.0 | 191.00 | OK | |||
r-oldrel-macos-x86_64 | 1.5.0 | 291.00 | OK | |||
r-oldrel-windows-x86_64 | 1.5.0 | 67.00 | 462.00 | 529.00 | OK |
Version: 1.5.0
Check: CRAN incoming feasibility
Result: NOTE
Maintainer: ‘Gabriele Sales <gabriele.sales@unipd.it>’
No Authors@R field in DESCRIPTION.
Please add one, modifying
Authors@R: c(person(given = "Sofia",
family = "Massa",
role = "aut"),
person(given = "Gabriele",
family = "Sales",
role = c("aut", "cre"),
email = "gabriele.sales@unipd.it"))
as necessary.
Flavors: r-devel-linux-x86_64-debian-clang, r-devel-linux-x86_64-debian-gcc
Version: 1.5.0
Check: package dependencies
Result: ERROR
Package required but not available: ‘qpgraph’
See section ‘The DESCRIPTION file’ in the ‘Writing R Extensions’
manual.
Flavors: r-release-macos-arm64, r-release-macos-x86_64
These binaries (installable software) and packages are in development.
They may not be fully stable and should be used with caution. We make no claims about them.