Last updated on 2025-02-16 08:51:04 CET.
Flavor | Version | Tinstall | Tcheck | Ttotal | Status | Flags |
---|---|---|---|---|---|---|
r-devel-linux-x86_64-debian-clang | 2.0.2 | 12.21 | 60.58 | 72.79 | NOTE | |
r-devel-linux-x86_64-debian-gcc | 2.0.2 | 8.54 | 41.79 | 50.33 | NOTE | |
r-devel-linux-x86_64-fedora-clang | 2.0.2 | 119.46 | NOTE | |||
r-devel-linux-x86_64-fedora-gcc | 2.0.2 | 107.78 | NOTE | |||
r-devel-macos-arm64 | 2.0.2 | 36.00 | OK | |||
r-devel-macos-x86_64 | 2.0.2 | 66.00 | NOTE | |||
r-devel-windows-x86_64 | 2.0.2 | 15.00 | 78.00 | 93.00 | NOTE | |
r-patched-linux-x86_64 | 2.0.2 | 11.57 | 55.98 | 67.55 | OK | |
r-release-linux-x86_64 | 2.0.2 | 10.19 | 56.01 | 66.20 | OK | |
r-release-macos-arm64 | 2.0.2 | 38.00 | OK | |||
r-release-macos-x86_64 | 2.0.2 | 83.00 | OK | |||
r-release-windows-x86_64 | 2.0.2 | 13.00 | 84.00 | 97.00 | OK | |
r-oldrel-macos-arm64 | 2.0.2 | 39.00 | OK | |||
r-oldrel-macos-x86_64 | 2.0.2 | 67.00 | OK | |||
r-oldrel-windows-x86_64 | 2.0.2 | 18.00 | 89.00 | 107.00 | OK |
Version: 2.0.2
Check: DESCRIPTION meta-information
Result: NOTE
Missing dependency on R >= 4.1.0 because package code uses the pipe
|> or function shorthand \(...) syntax added in R 4.1.0.
File(s) using such syntax:
‘dat_checks.R’ ‘setters_and_getters.R’
Flavors: r-devel-linux-x86_64-debian-clang, r-devel-linux-x86_64-debian-gcc, r-devel-linux-x86_64-fedora-clang, r-devel-linux-x86_64-fedora-gcc, r-devel-macos-x86_64, r-devel-windows-x86_64
These binaries (installable software) and packages are in development.
They may not be fully stable and should be used with caution. We make no claims about them.